{"id":714,"date":"2020-05-03T16:57:58","date_gmt":"2020-05-03T16:57:58","guid":{"rendered":"http:\/\/joaquinfranco.com\/?page_id=714"},"modified":"2020-05-12T18:34:34","modified_gmt":"2020-05-12T18:34:34","slug":"viviendas","status":"publish","type":"page","link":"https:\/\/joaquinfranco.com\/index.php\/viviendas\/","title":{"rendered":"VIVIENDAS"},"content":{"rendered":"\n<div class=\"wp-block-media-text alignwide is-stacked-on-mobile\"><figure class=\"wp-block-media-text__media\"><img loading=\"lazy\" width=\"500\" height=\"375\" src=\"http:\/\/joaquinfranco.com\/wp-content\/uploads\/2020\/05\/DSC00142.jpg\" alt=\"\" class=\"wp-image-1137\" srcset=\"https:\/\/joaquinfranco.com\/wp-content\/uploads\/2020\/05\/DSC00142.jpg 500w, https:\/\/joaquinfranco.com\/wp-content\/uploads\/2020\/05\/DSC00142-300x225.jpg 300w\" sizes=\"(max-width: 500px) 100vw, 500px\" \/><\/figure><div class=\"wp-block-media-text__content\">\n<p class=\"has-background has-text-align-left has-normal-font-size has-very-light-gray-background-color\"><a href=\"http:\/\/joaquinfranco.com\/index.php\/reforma-integral-de-vivienda\/\" target=\"_blank\" rel=\"noreferrer noopener\">REFORMA DE EDIFICACI\u00d3N, CAMBIO DE CUBIERTA Y ADECUACI\u00d3N DE ACABADOS INTERIORES A LA ATENCION DE RICARDO PEREZ BARRIO LA IGLESIA N\u00ba 1-SAN MIGUEL DE MERUELO (CANTABRIA) A\u00d1O 2018-2019<\/a><\/p>\n<\/div><\/div>\n\n\n\n<div class=\"wp-block-media-text alignwide has-media-on-the-right is-stacked-on-mobile\"><figure class=\"wp-block-media-text__media\"><img loading=\"lazy\" width=\"400\" height=\"300\" src=\"http:\/\/joaquinfranco.com\/wp-content\/uploads\/2020\/05\/IMG_1024.jpg\" alt=\"\" class=\"wp-image-1352\" srcset=\"https:\/\/joaquinfranco.com\/wp-content\/uploads\/2020\/05\/IMG_1024.jpg 400w, https:\/\/joaquinfranco.com\/wp-content\/uploads\/2020\/05\/IMG_1024-300x225.jpg 300w\" sizes=\"(max-width: 400px) 100vw, 400px\" \/><\/figure><div class=\"wp-block-media-text__content\">\n<p class=\"has-background has-text-align-center has-medium-font-size has-very-light-gray-background-color\"><a href=\"http:\/\/joaquinfranco.com\/index.php\/reforma-integral-vivienda-en-guarnizo\/\" target=\"_blank\" rel=\"noreferrer noopener\">REFORMA INTEGRAL DE EDIFICACI\u00d3N, DISE\u00d1O Y ACABADOS INTERIORES EN EDIFICACI\u00d3N SITUADA EN LA CALLE PROSPERIDAD N\u00ba 54 DE EL ASTILLEO(A\u00d1O 2016)<\/a><\/p>\n<\/div><\/div>\n\n\n\n<div class=\"wp-block-media-text alignwide is-stacked-on-mobile\"><figure class=\"wp-block-media-text__media\"><img loading=\"lazy\" width=\"368\" height=\"363\" src=\"http:\/\/joaquinfranco.com\/wp-content\/uploads\/2020\/05\/fachada-2-1.jpg\" alt=\"\" class=\"wp-image-1500\" srcset=\"https:\/\/joaquinfranco.com\/wp-content\/uploads\/2020\/05\/fachada-2-1.jpg 368w, https:\/\/joaquinfranco.com\/wp-content\/uploads\/2020\/05\/fachada-2-1-300x296.jpg 300w\" sizes=\"(max-width: 368px) 100vw, 368px\" \/><\/figure><div class=\"wp-block-media-text__content\">\n<p class=\"has-background has-medium-font-size has-very-light-gray-background-color\"><a href=\"http:\/\/joaquinfranco.com\/index.php\/legalizacion-de-vivienda-en-gajano\/\" target=\"_blank\" rel=\"noreferrer noopener\">Reforma y ampliaci\u00f3n de vivienda \u201cGuzman Sisniega\u201d (2010-2011)<br>Gajano-Cantabria<\/a><\/p>\n<\/div><\/div>\n\n\n\n<div class=\"wp-block-media-text alignwide has-media-on-the-right is-stacked-on-mobile\"><figure class=\"wp-block-media-text__media\"><img loading=\"lazy\" width=\"410\" height=\"308\" src=\"http:\/\/joaquinfranco.com\/wp-content\/uploads\/2020\/05\/SAM_9978.jpg\" alt=\"\" class=\"wp-image-778\" srcset=\"https:\/\/joaquinfranco.com\/wp-content\/uploads\/2020\/05\/SAM_9978.jpg 410w, https:\/\/joaquinfranco.com\/wp-content\/uploads\/2020\/05\/SAM_9978-300x225.jpg 300w\" sizes=\"(max-width: 410px) 100vw, 410px\" \/><\/figure><div class=\"wp-block-media-text__content\">\n<p class=\"has-background has-text-align-center has-medium-font-size has-very-light-gray-background-color\"><a rel=\"noreferrer noopener\" href=\"http:\/\/joaquinfranco.com\/index.php\/rehabilitacion-integral\/\" target=\"_blank\">REHABILITACI\u00d3N INTEGRAL DE EDIFICACI\u00d3N EN TAGL<\/a><a href=\"http:\/\/joaquinfranco.com\/index.php\/rehabilitacion-integral\/\" target=\"_blank\" rel=\"noreferrer noopener\">E<\/a><\/p>\n<\/div><\/div>\n\n\n\n<div class=\"wp-block-media-text alignwide is-stacked-on-mobile\"><figure class=\"wp-block-media-text__media\"><a href=\"joaquinfranco.com\/index.php\/rehabilitacion-edificacion\/\"><img loading=\"lazy\" width=\"300\" height=\"225\" src=\"http:\/\/joaquinfranco.com\/wp-content\/uploads\/2020\/05\/SAM_0184.jpg\" alt=\"\" class=\"wp-image-771\"\/><\/a><\/figure><div class=\"wp-block-media-text__content\">\n<p class=\"has-background has-text-align-center has-medium-font-size has-very-light-gray-background-color\"><a href=\"http:\/\/joaquinfranco.com\/index.php\/rehabilitacion-edificacion\/\" target=\"_blank\" rel=\"noreferrer noopener\">REHABILITACI\u00d3N INTEGRAL DE EDIFICACI\u00d3N<\/a><\/p>\n<\/div><\/div>\n\n\n\n<div class=\"wp-block-media-text alignwide has-media-on-the-right is-stacked-on-mobile\"><figure class=\"wp-block-media-text__media\"><a href=\"joaquinfranco.com\/index.php\/decoracion-interior\/\"><img loading=\"lazy\" width=\"400\" height=\"300\" src=\"http:\/\/joaquinfranco.com\/wp-content\/uploads\/2020\/05\/DSCN0640.jpg\" alt=\"\" class=\"wp-image-799\" srcset=\"https:\/\/joaquinfranco.com\/wp-content\/uploads\/2020\/05\/DSCN0640.jpg 400w, https:\/\/joaquinfranco.com\/wp-content\/uploads\/2020\/05\/DSCN0640-300x225.jpg 300w\" sizes=\"(max-width: 400px) 100vw, 400px\" \/><\/a><\/figure><div class=\"wp-block-media-text__content\">\n<p class=\"has-background has-text-align-center has-medium-font-size has-very-light-gray-background-color\"><a href=\"http:\/\/joaquinfranco.com\/index.php\/viviendas\/\">DECORACION DE VIVIENDA DE ESTILO ACTUAL EN MERUELO<\/a><\/p>\n<\/div><\/div>\n\n\n\n<div class=\"wp-block-media-text alignwide has-media-on-the-right is-stacked-on-mobile\"><figure class=\"wp-block-media-text__media\"><img loading=\"lazy\" width=\"334\" height=\"114\" src=\"http:\/\/joaquinfranco.com\/wp-content\/uploads\/2020\/05\/FACHADA-5.jpg\" alt=\"\" class=\"wp-image-1228\" srcset=\"https:\/\/joaquinfranco.com\/wp-content\/uploads\/2020\/05\/FACHADA-5.jpg 334w, https:\/\/joaquinfranco.com\/wp-content\/uploads\/2020\/05\/FACHADA-5-300x102.jpg 300w\" sizes=\"(max-width: 334px) 100vw, 334px\" \/><\/figure><div class=\"wp-block-media-text__content\">\n<p class=\"has-text-align-center has-medium-font-size\"><a href=\"http:\/\/joaquinfranco.com\/index.php\/reforma-de-estabulacion-a-vivienda\/\" target=\"_blank\" rel=\"noreferrer noopener\">ACONDICIONAMIENTO DE PLANTA BAJA DIAFANA PARA USO DE VIVIENDA EN BAREYO(CANTABRIA) A\u00d1O 2005<\/a><\/p>\n<\/div><\/div>\n\n\n\n<div class=\"wp-block-media-text alignwide is-stacked-on-mobile\"><figure class=\"wp-block-media-text__media\"><img loading=\"lazy\" width=\"516\" height=\"207\" src=\"http:\/\/joaquinfranco.com\/wp-content\/uploads\/2020\/05\/FACHADA-6.jpg\" alt=\"\" class=\"wp-image-1237\" srcset=\"https:\/\/joaquinfranco.com\/wp-content\/uploads\/2020\/05\/FACHADA-6.jpg 516w, https:\/\/joaquinfranco.com\/wp-content\/uploads\/2020\/05\/FACHADA-6-300x120.jpg 300w\" sizes=\"(max-width: 516px) 100vw, 516px\" \/><\/figure><div class=\"wp-block-media-text__content\">\n<p class=\"has-background has-text-align-center has-medium-font-size has-very-light-gray-background-color\"><a href=\"http:\/\/joaquinfranco.com\/index.php\/diseno-eficicacion-como-vivienda\/\" target=\"_blank\" rel=\"noreferrer noopener\">DISE\u00d1O INTEGRAL DE VIVIENDA UNIFAMILIAR AISLADA PARA SU EEJECUCI\u00d3N EN MERUELO A\u00d1O 2005<\/a><\/p>\n<\/div><\/div>\n\n\n\n<div class=\"wp-block-media-text alignwide has-media-on-the-right is-stacked-on-mobile\"><figure class=\"wp-block-media-text__media\"><img loading=\"lazy\" width=\"1024\" height=\"898\" src=\"http:\/\/joaquinfranco.com\/wp-content\/uploads\/2020\/05\/FACHADA-7-1024x898.jpg\" alt=\"\" class=\"wp-image-1244\" srcset=\"https:\/\/joaquinfranco.com\/wp-content\/uploads\/2020\/05\/FACHADA-7-1024x898.jpg 1024w, https:\/\/joaquinfranco.com\/wp-content\/uploads\/2020\/05\/FACHADA-7-300x263.jpg 300w, https:\/\/joaquinfranco.com\/wp-content\/uploads\/2020\/05\/FACHADA-7-768x674.jpg 768w, https:\/\/joaquinfranco.com\/wp-content\/uploads\/2020\/05\/FACHADA-7-1536x1347.jpg 1536w, https:\/\/joaquinfranco.com\/wp-content\/uploads\/2020\/05\/FACHADA-7-2048x1797.jpg 2048w\" sizes=\"(max-width: 1024px) 100vw, 1024px\" \/><\/figure><div class=\"wp-block-media-text__content\">\n<p class=\"has-background has-text-align-center has-medium-font-size has-very-light-gray-background-color\"><a href=\"http:\/\/joaquinfranco.com\/index.php\/reforma-edificacion-en-aguachica\/\" target=\"_blank\" rel=\"noreferrer noopener\">REFORMA DE EDIFICACI\u00d3N INTEGRAL INTERIOR PARA VIVIENDA UNIFAMILIAR ADOSADA EN EL BARRIO AGUCHICA DE MERUELO A\u00d1O 2006<\/a><\/p>\n<\/div><\/div>\n\n\n\n<div class=\"wp-block-media-text alignwide is-stacked-on-mobile\"><figure class=\"wp-block-media-text__media\"><img loading=\"lazy\" width=\"384\" height=\"288\" src=\"http:\/\/joaquinfranco.com\/wp-content\/uploads\/2020\/05\/CAV-11.jpg\" alt=\"\" class=\"wp-image-750\" srcset=\"https:\/\/joaquinfranco.com\/wp-content\/uploads\/2020\/05\/CAV-11.jpg 384w, https:\/\/joaquinfranco.com\/wp-content\/uploads\/2020\/05\/CAV-11-300x225.jpg 300w\" sizes=\"(max-width: 384px) 100vw, 384px\" \/><\/figure><div class=\"wp-block-media-text__content\">\n<p class=\"has-background has-text-align-center has-medium-font-size has-very-light-gray-background-color\"><a href=\"http:\/\/joaquinfranco.com\/index.php\/rehabilitacion-de-edificacion\/\" target=\"_blank\" rel=\"noreferrer noopener\">REHABILITACI\u00d3N INTEGRAL DE EDIFICACI\u00d3N<\/a><\/p>\n<\/div><\/div>\n\n\n\n<div class=\"wp-block-media-text alignwide has-media-on-the-right is-stacked-on-mobile\"><figure class=\"wp-block-media-text__media\"><img loading=\"lazy\" width=\"277\" height=\"208\" src=\"http:\/\/joaquinfranco.com\/wp-content\/uploads\/2020\/05\/SALON-4.jpg\" alt=\"\" class=\"wp-image-736\"\/><\/figure><div class=\"wp-block-media-text__content\">\n<p class=\"has-background has-text-align-center has-medium-font-size has-very-light-gray-background-color\"><a href=\"http:\/\/joaquinfranco.com\/index.php\/acondicionamiento-vivienda-particular\/\" target=\"_blank\" rel=\"noreferrer noopener\">DECORACI\u00d3N DE VIVIENDA DE ESTILO ACTUAL<\/a><\/p>\n<\/div><\/div>\n\n\n\n<p><\/p>\n","protected":false},"excerpt":{"rendered":"<p>REFORMA DE EDIFICACI\u00d3N, CAMBIO DE CUBIERTA Y ADECUACI\u00d3N DE ACABADOS INTERIORES A LA ATENCION DE RICARDO PEREZ BARRIO LA IGLESIA N\u00ba 1-SAN MIGUEL DE MERUELO (CANTABRIA) A\u00d1O 2018-2019 REFORMA INTEGRAL DE EDIFICACI\u00d3N, DISE\u00d1O Y ACABADOS INTERIORES EN EDIFICACI\u00d3N SITUADA EN LA CALLE PROSPERIDAD N\u00ba 54 DE EL ASTILLEO(A\u00d1O 2016) Reforma&#8230;<\/p>\n","protected":false},"author":1,"featured_media":0,"parent":0,"menu_order":0,"comment_status":"closed","ping_status":"closed","template":"","meta":[],"yoast_head":"<!-- This site is optimized with the Yoast SEO plugin v15.2.1 - https:\/\/yoast.com\/wordpress\/plugins\/seo\/ -->\n<title>VIVIENDAS - INTERIORISMO JOAQUIN FRANCO<\/title>\n<meta name=\"robots\" content=\"index, follow, max-snippet:-1, max-image-preview:large, max-video-preview:-1\" \/>\n<link rel=\"canonical\" href=\"https:\/\/joaquinfranco.com\/index.php\/viviendas\/\" \/>\n<meta property=\"og:locale\" content=\"es_ES\" \/>\n<meta property=\"og:type\" content=\"article\" \/>\n<meta property=\"og:title\" content=\"VIVIENDAS - INTERIORISMO JOAQUIN FRANCO\" \/>\n<meta property=\"og:description\" content=\"REFORMA DE EDIFICACI\u00d3N, CAMBIO DE CUBIERTA Y ADECUACI\u00d3N DE ACABADOS INTERIORES A LA ATENCION DE RICARDO PEREZ BARRIO LA IGLESIA N\u00ba 1-SAN MIGUEL DE MERUELO (CANTABRIA) A\u00d1O 2018-2019 REFORMA INTEGRAL DE EDIFICACI\u00d3N, DISE\u00d1O Y ACABADOS INTERIORES EN EDIFICACI\u00d3N SITUADA EN LA CALLE PROSPERIDAD N\u00ba 54 DE EL ASTILLEO(A\u00d1O 2016) Reforma...\" \/>\n<meta property=\"og:url\" content=\"https:\/\/joaquinfranco.com\/index.php\/viviendas\/\" \/>\n<meta property=\"og:site_name\" content=\"INTERIORISMO JOAQUIN FRANCO\" \/>\n<meta property=\"article:publisher\" content=\"https:\/\/www.facebook.com\/joaquin.francotrueba\" \/>\n<meta property=\"article:modified_time\" content=\"2020-05-12T18:34:34+00:00\" \/>\n<meta property=\"og:image\" content=\"http:\/\/joaquinfranco.com\/wp-content\/uploads\/2020\/05\/DSC00142.jpg\" \/>\n<meta name=\"twitter:card\" content=\"summary_large_image\" \/>\n<meta name=\"twitter:label1\" content=\"Escrito por\">\n\t<meta name=\"twitter:data1\" content=\"admin\">\n\t<meta name=\"twitter:label2\" content=\"Tiempo de lectura\">\n\t<meta name=\"twitter:data2\" content=\"1 minuto\">\n<script type=\"application\/ld+json\" class=\"yoast-schema-graph\">{\"@context\":\"https:\/\/schema.org\",\"@graph\":[{\"@type\":\"WebSite\",\"@id\":\"https:\/\/joaquinfranco.com\/#website\",\"url\":\"https:\/\/joaquinfranco.com\/\",\"name\":\"INTERIORISMO JOAQUIN FRANCO\",\"description\":\"Estudio de Decoraci\\u00f3n y Arquitectura Interior\",\"potentialAction\":[{\"@type\":\"SearchAction\",\"target\":\"https:\/\/joaquinfranco.com\/?s={search_term_string}\",\"query-input\":\"required name=search_term_string\"}],\"inLanguage\":\"es\"},{\"@type\":\"ImageObject\",\"@id\":\"https:\/\/joaquinfranco.com\/index.php\/viviendas\/#primaryimage\",\"inLanguage\":\"es\",\"url\":\"http:\/\/joaquinfranco.com\/wp-content\/uploads\/2020\/05\/DSC00142.jpg\"},{\"@type\":\"WebPage\",\"@id\":\"https:\/\/joaquinfranco.com\/index.php\/viviendas\/#webpage\",\"url\":\"https:\/\/joaquinfranco.com\/index.php\/viviendas\/\",\"name\":\"VIVIENDAS - INTERIORISMO JOAQUIN FRANCO\",\"isPartOf\":{\"@id\":\"https:\/\/joaquinfranco.com\/#website\"},\"primaryImageOfPage\":{\"@id\":\"https:\/\/joaquinfranco.com\/index.php\/viviendas\/#primaryimage\"},\"datePublished\":\"2020-05-03T16:57:58+00:00\",\"dateModified\":\"2020-05-12T18:34:34+00:00\",\"inLanguage\":\"es\",\"potentialAction\":[{\"@type\":\"ReadAction\",\"target\":[\"https:\/\/joaquinfranco.com\/index.php\/viviendas\/\"]}]}]}<\/script>\n<!-- \/ Yoast SEO plugin. -->","_links":{"self":[{"href":"https:\/\/joaquinfranco.com\/index.php\/wp-json\/wp\/v2\/pages\/714"}],"collection":[{"href":"https:\/\/joaquinfranco.com\/index.php\/wp-json\/wp\/v2\/pages"}],"about":[{"href":"https:\/\/joaquinfranco.com\/index.php\/wp-json\/wp\/v2\/types\/page"}],"author":[{"embeddable":true,"href":"https:\/\/joaquinfranco.com\/index.php\/wp-json\/wp\/v2\/users\/1"}],"replies":[{"embeddable":true,"href":"https:\/\/joaquinfranco.com\/index.php\/wp-json\/wp\/v2\/comments?post=714"}],"version-history":[{"count":4,"href":"https:\/\/joaquinfranco.com\/index.php\/wp-json\/wp\/v2\/pages\/714\/revisions"}],"predecessor-version":[{"id":1518,"href":"https:\/\/joaquinfranco.com\/index.php\/wp-json\/wp\/v2\/pages\/714\/revisions\/1518"}],"wp:attachment":[{"href":"https:\/\/joaquinfranco.com\/index.php\/wp-json\/wp\/v2\/media?parent=714"}],"curies":[{"name":"wp","href":"https:\/\/api.w.org\/{rel}","templated":true}]}}