{"id":619,"date":"2020-05-03T09:15:06","date_gmt":"2020-05-03T09:15:06","guid":{"rendered":"http:\/\/joaquinfranco.com\/?page_id=619"},"modified":"2020-06-06T18:31:44","modified_gmt":"2020-06-06T18:31:44","slug":"peluqueria-leticia-arenal","status":"publish","type":"page","link":"https:\/\/joaquinfranco.com\/index.php\/peluqueria-leticia-arenal\/","title":{"rendered":"PELUQUERIA LETICIA ARENAL"},"content":{"rendered":"\n<h2 class=\"has-text-align-center\">PELUQUER\u00cdA Y CENTRO DE ESTETICA \u201cLeticia Arenal\u201d (2004)<br>BOO DE PIELAGOS<\/h2>\n\n\n\n<p class=\"has-drop-cap\">Proyecto integral decorativo para una peluquer\u00eda y centro de est\u00e9tica en Bo\u00f3 de Pielagos. El local se compone de dos niveles unidos por unos pelda\u00f1os, en el primero se localiza la peluquer\u00eda, y en el segundo nivel trasero se localiza la zona de solarium y \u00e1rea de lavado del menaje del local. El espacio de la peluquer\u00eda se divide en zona de espera con sofas, \u00e1reas de puestos de trabajo, \u00e1rea de lavado de cabezas, \u00e1rea de secado de tintes y un aseo.nLa fachada con carpinter\u00eda y logotipo en acero inoxidable y grandes cristaleras que permiten la visibilidad tanto interior como exterior.<\/p>\n\n\n\n<figure class=\"wp-block-embed-youtube alignwide wp-block-embed is-type-video is-provider-youtube wp-embed-aspect-16-9 wp-has-aspect-ratio\"><div class=\"wp-block-embed__wrapper\">\n<iframe title=\"PELUQUERIA LETICIA ARENAL\" width=\"790\" height=\"444\" src=\"https:\/\/www.youtube.com\/embed\/TPJQ9URkIdM?feature=oembed\" frameborder=\"0\" allow=\"accelerometer; autoplay; encrypted-media; gyroscope; picture-in-picture\" allowfullscreen><\/iframe>\n<\/div><\/figure>\n\n\n\n<figure class=\"wp-block-gallery alignfull columns-4 is-cropped\"><ul class=\"blocks-gallery-grid\"><li class=\"blocks-gallery-item\"><figure><a href=\"http:\/\/joaquinfranco.com\/wp-content\/uploads\/2020\/05\/DCP_0492.jpg\"><img loading=\"lazy\" width=\"300\" height=\"200\" src=\"http:\/\/joaquinfranco.com\/wp-content\/uploads\/2020\/05\/DCP_0492.jpg\" alt=\"\" data-id=\"620\" data-full-url=\"http:\/\/joaquinfranco.com\/wp-content\/uploads\/2020\/05\/DCP_0492.jpg\" data-link=\"http:\/\/joaquinfranco.com\/?attachment_id=620\" class=\"wp-image-620\"\/><\/a><figcaption class=\"blocks-gallery-item__caption\">ZONA ESPERA<\/figcaption><\/figure><\/li><li class=\"blocks-gallery-item\"><figure><a href=\"http:\/\/joaquinfranco.com\/wp-content\/uploads\/2020\/05\/DCP_0493.jpg\"><img loading=\"lazy\" width=\"300\" height=\"200\" src=\"http:\/\/joaquinfranco.com\/wp-content\/uploads\/2020\/05\/DCP_0493.jpg\" alt=\"\" data-id=\"621\" data-full-url=\"http:\/\/joaquinfranco.com\/wp-content\/uploads\/2020\/05\/DCP_0493.jpg\" data-link=\"http:\/\/joaquinfranco.com\/?attachment_id=621\" class=\"wp-image-621\"\/><\/a><figcaption class=\"blocks-gallery-item__caption\">PUESTO<\/figcaption><\/figure><\/li><li class=\"blocks-gallery-item\"><figure><a href=\"http:\/\/joaquinfranco.com\/wp-content\/uploads\/2020\/05\/DCP_0495.jpg\"><img loading=\"lazy\" width=\"300\" height=\"200\" src=\"http:\/\/joaquinfranco.com\/wp-content\/uploads\/2020\/05\/DCP_0495.jpg\" alt=\"\" data-id=\"622\" data-full-url=\"http:\/\/joaquinfranco.com\/wp-content\/uploads\/2020\/05\/DCP_0495.jpg\" data-link=\"http:\/\/joaquinfranco.com\/?attachment_id=622\" class=\"wp-image-622\"\/><\/a><figcaption class=\"blocks-gallery-item__caption\">DETALLE<\/figcaption><\/figure><\/li><li class=\"blocks-gallery-item\"><figure><a href=\"http:\/\/joaquinfranco.com\/wp-content\/uploads\/2020\/05\/DCP_0496.jpg\"><img loading=\"lazy\" width=\"300\" height=\"200\" src=\"http:\/\/joaquinfranco.com\/wp-content\/uploads\/2020\/05\/DCP_0496.jpg\" alt=\"\" data-id=\"623\" data-full-url=\"http:\/\/joaquinfranco.com\/wp-content\/uploads\/2020\/05\/DCP_0496.jpg\" data-link=\"http:\/\/joaquinfranco.com\/?attachment_id=623\" class=\"wp-image-623\"\/><\/a><figcaption class=\"blocks-gallery-item__caption\">ZONA SECADO<\/figcaption><\/figure><\/li><li class=\"blocks-gallery-item\"><figure><a href=\"http:\/\/joaquinfranco.com\/wp-content\/uploads\/2020\/05\/DCP_0497.jpg\"><img loading=\"lazy\" width=\"300\" height=\"450\" src=\"http:\/\/joaquinfranco.com\/wp-content\/uploads\/2020\/05\/DCP_0497.jpg\" alt=\"\" data-id=\"624\" data-full-url=\"http:\/\/joaquinfranco.com\/wp-content\/uploads\/2020\/05\/DCP_0497.jpg\" data-link=\"http:\/\/joaquinfranco.com\/?attachment_id=624\" class=\"wp-image-624\" srcset=\"https:\/\/joaquinfranco.com\/wp-content\/uploads\/2020\/05\/DCP_0497.jpg 300w, https:\/\/joaquinfranco.com\/wp-content\/uploads\/2020\/05\/DCP_0497-200x300.jpg 200w\" sizes=\"(max-width: 300px) 100vw, 300px\" \/><\/a><figcaption class=\"blocks-gallery-item__caption\">ZONA ATENCION<\/figcaption><\/figure><\/li><li class=\"blocks-gallery-item\"><figure><a href=\"http:\/\/joaquinfranco.com\/wp-content\/uploads\/2020\/05\/DCP_0498.jpg\"><img loading=\"lazy\" width=\"300\" height=\"450\" src=\"http:\/\/joaquinfranco.com\/wp-content\/uploads\/2020\/05\/DCP_0498.jpg\" alt=\"\" data-id=\"625\" data-full-url=\"http:\/\/joaquinfranco.com\/wp-content\/uploads\/2020\/05\/DCP_0498.jpg\" data-link=\"http:\/\/joaquinfranco.com\/?attachment_id=625\" class=\"wp-image-625\" srcset=\"https:\/\/joaquinfranco.com\/wp-content\/uploads\/2020\/05\/DCP_0498.jpg 300w, https:\/\/joaquinfranco.com\/wp-content\/uploads\/2020\/05\/DCP_0498-200x300.jpg 200w\" sizes=\"(max-width: 300px) 100vw, 300px\" \/><\/a><figcaption class=\"blocks-gallery-item__caption\">ASEO<\/figcaption><\/figure><\/li><li class=\"blocks-gallery-item\"><figure><a href=\"http:\/\/joaquinfranco.com\/wp-content\/uploads\/2020\/05\/DCP_0499.jpg\"><img loading=\"lazy\" width=\"300\" height=\"450\" src=\"http:\/\/joaquinfranco.com\/wp-content\/uploads\/2020\/05\/DCP_0499.jpg\" alt=\"\" data-id=\"626\" data-full-url=\"http:\/\/joaquinfranco.com\/wp-content\/uploads\/2020\/05\/DCP_0499.jpg\" data-link=\"http:\/\/joaquinfranco.com\/?attachment_id=626\" class=\"wp-image-626\" srcset=\"https:\/\/joaquinfranco.com\/wp-content\/uploads\/2020\/05\/DCP_0499.jpg 300w, https:\/\/joaquinfranco.com\/wp-content\/uploads\/2020\/05\/DCP_0499-200x300.jpg 200w\" sizes=\"(max-width: 300px) 100vw, 300px\" \/><\/a><figcaption class=\"blocks-gallery-item__caption\">ASEO<\/figcaption><\/figure><\/li><li class=\"blocks-gallery-item\"><figure><a href=\"http:\/\/joaquinfranco.com\/wp-content\/uploads\/2020\/05\/DCP_0500.jpg\"><img loading=\"lazy\" width=\"300\" height=\"200\" src=\"http:\/\/joaquinfranco.com\/wp-content\/uploads\/2020\/05\/DCP_0500.jpg\" alt=\"\" data-id=\"627\" data-full-url=\"http:\/\/joaquinfranco.com\/wp-content\/uploads\/2020\/05\/DCP_0500.jpg\" data-link=\"http:\/\/joaquinfranco.com\/?attachment_id=627\" class=\"wp-image-627\"\/><\/a><figcaption class=\"blocks-gallery-item__caption\">ZONA LAVACABEZAS<\/figcaption><\/figure><\/li><li class=\"blocks-gallery-item\"><figure><a href=\"http:\/\/joaquinfranco.com\/wp-content\/uploads\/2020\/05\/DCP_0501.jpg\"><img loading=\"lazy\" width=\"288\" height=\"432\" src=\"http:\/\/joaquinfranco.com\/wp-content\/uploads\/2020\/05\/DCP_0501.jpg\" alt=\"\" data-id=\"628\" data-full-url=\"http:\/\/joaquinfranco.com\/wp-content\/uploads\/2020\/05\/DCP_0501.jpg\" data-link=\"http:\/\/joaquinfranco.com\/?attachment_id=628\" class=\"wp-image-628\" srcset=\"https:\/\/joaquinfranco.com\/wp-content\/uploads\/2020\/05\/DCP_0501.jpg 288w, https:\/\/joaquinfranco.com\/wp-content\/uploads\/2020\/05\/DCP_0501-200x300.jpg 200w\" sizes=\"(max-width: 288px) 100vw, 288px\" \/><\/a><figcaption class=\"blocks-gallery-item__caption\">HACIA TRASTIENDA<\/figcaption><\/figure><\/li><li class=\"blocks-gallery-item\"><figure><a href=\"http:\/\/joaquinfranco.com\/wp-content\/uploads\/2020\/05\/DCP_0505.jpg\"><img loading=\"lazy\" width=\"300\" height=\"200\" src=\"http:\/\/joaquinfranco.com\/wp-content\/uploads\/2020\/05\/DCP_0505.jpg\" alt=\"\" data-id=\"629\" data-full-url=\"http:\/\/joaquinfranco.com\/wp-content\/uploads\/2020\/05\/DCP_0505.jpg\" data-link=\"http:\/\/joaquinfranco.com\/?attachment_id=629\" class=\"wp-image-629\"\/><\/a><figcaption class=\"blocks-gallery-item__caption\">ZONA SECADO<\/figcaption><\/figure><\/li><li class=\"blocks-gallery-item\"><figure><a href=\"http:\/\/joaquinfranco.com\/wp-content\/uploads\/2020\/05\/DCP_0506.jpg\"><img loading=\"lazy\" width=\"300\" height=\"450\" src=\"http:\/\/joaquinfranco.com\/wp-content\/uploads\/2020\/05\/DCP_0506.jpg\" alt=\"\" data-id=\"630\" data-full-url=\"http:\/\/joaquinfranco.com\/wp-content\/uploads\/2020\/05\/DCP_0506.jpg\" data-link=\"http:\/\/joaquinfranco.com\/?attachment_id=630\" class=\"wp-image-630\" srcset=\"https:\/\/joaquinfranco.com\/wp-content\/uploads\/2020\/05\/DCP_0506.jpg 300w, https:\/\/joaquinfranco.com\/wp-content\/uploads\/2020\/05\/DCP_0506-200x300.jpg 200w\" sizes=\"(max-width: 300px) 100vw, 300px\" \/><\/a><figcaption class=\"blocks-gallery-item__caption\">ZANA LAVADO<\/figcaption><\/figure><\/li><li class=\"blocks-gallery-item\"><figure><a href=\"http:\/\/joaquinfranco.com\/wp-content\/uploads\/2020\/05\/DCP_0507.jpg\"><img loading=\"lazy\" width=\"300\" height=\"450\" src=\"http:\/\/joaquinfranco.com\/wp-content\/uploads\/2020\/05\/DCP_0507.jpg\" alt=\"\" data-id=\"631\" data-full-url=\"http:\/\/joaquinfranco.com\/wp-content\/uploads\/2020\/05\/DCP_0507.jpg\" data-link=\"http:\/\/joaquinfranco.com\/?attachment_id=631\" class=\"wp-image-631\" srcset=\"https:\/\/joaquinfranco.com\/wp-content\/uploads\/2020\/05\/DCP_0507.jpg 300w, https:\/\/joaquinfranco.com\/wp-content\/uploads\/2020\/05\/DCP_0507-200x300.jpg 200w\" sizes=\"(max-width: 300px) 100vw, 300px\" \/><\/a><figcaption class=\"blocks-gallery-item__caption\">PUESTO CORTE<\/figcaption><\/figure><\/li><li class=\"blocks-gallery-item\"><figure><a href=\"http:\/\/joaquinfranco.com\/wp-content\/uploads\/2020\/05\/DCP_0508.jpg\"><img loading=\"lazy\" width=\"300\" height=\"200\" src=\"http:\/\/joaquinfranco.com\/wp-content\/uploads\/2020\/05\/DCP_0508.jpg\" alt=\"\" data-id=\"632\" data-full-url=\"http:\/\/joaquinfranco.com\/wp-content\/uploads\/2020\/05\/DCP_0508.jpg\" data-link=\"http:\/\/joaquinfranco.com\/?attachment_id=632\" class=\"wp-image-632\"\/><\/a><figcaption class=\"blocks-gallery-item__caption\">EXPOSICION PRODUCTOS<\/figcaption><\/figure><\/li><li class=\"blocks-gallery-item\"><figure><a href=\"http:\/\/joaquinfranco.com\/wp-content\/uploads\/2020\/05\/DCP_0509.jpg\"><img loading=\"lazy\" width=\"300\" height=\"200\" src=\"http:\/\/joaquinfranco.com\/wp-content\/uploads\/2020\/05\/DCP_0509.jpg\" alt=\"\" data-id=\"633\" data-full-url=\"http:\/\/joaquinfranco.com\/wp-content\/uploads\/2020\/05\/DCP_0509.jpg\" data-link=\"http:\/\/joaquinfranco.com\/?attachment_id=633\" class=\"wp-image-633\"\/><\/a><figcaption class=\"blocks-gallery-item__caption\">FACHADA<\/figcaption><\/figure><\/li><li class=\"blocks-gallery-item\"><figure><a href=\"http:\/\/joaquinfranco.com\/wp-content\/uploads\/2020\/05\/DCP_0510.jpg\"><img loading=\"lazy\" width=\"300\" height=\"200\" src=\"http:\/\/joaquinfranco.com\/wp-content\/uploads\/2020\/05\/DCP_0510.jpg\" alt=\"\" data-id=\"634\" data-full-url=\"http:\/\/joaquinfranco.com\/wp-content\/uploads\/2020\/05\/DCP_0510.jpg\" data-link=\"http:\/\/joaquinfranco.com\/?attachment_id=634\" class=\"wp-image-634\"\/><\/a><figcaption class=\"blocks-gallery-item__caption\">LOGO<\/figcaption><\/figure><\/li><li class=\"blocks-gallery-item\"><figure><a href=\"http:\/\/joaquinfranco.com\/wp-content\/uploads\/2020\/05\/DCP_0512.jpg\"><img loading=\"lazy\" width=\"300\" height=\"450\" src=\"http:\/\/joaquinfranco.com\/wp-content\/uploads\/2020\/05\/DCP_0512.jpg\" alt=\"\" data-id=\"635\" data-full-url=\"http:\/\/joaquinfranco.com\/wp-content\/uploads\/2020\/05\/DCP_0512.jpg\" data-link=\"http:\/\/joaquinfranco.com\/?attachment_id=635\" class=\"wp-image-635\" srcset=\"https:\/\/joaquinfranco.com\/wp-content\/uploads\/2020\/05\/DCP_0512.jpg 300w, https:\/\/joaquinfranco.com\/wp-content\/uploads\/2020\/05\/DCP_0512-200x300.jpg 200w\" sizes=\"(max-width: 300px) 100vw, 300px\" \/><\/a><figcaption class=\"blocks-gallery-item__caption\">ZONA CORTE<\/figcaption><\/figure><\/li><li class=\"blocks-gallery-item\"><figure><a href=\"http:\/\/joaquinfranco.com\/wp-content\/uploads\/2020\/05\/DCP_0513.jpg\"><img loading=\"lazy\" width=\"300\" height=\"450\" src=\"http:\/\/joaquinfranco.com\/wp-content\/uploads\/2020\/05\/DCP_0513.jpg\" alt=\"\" data-id=\"636\" data-full-url=\"http:\/\/joaquinfranco.com\/wp-content\/uploads\/2020\/05\/DCP_0513.jpg\" data-link=\"http:\/\/joaquinfranco.com\/?attachment_id=636\" class=\"wp-image-636\" srcset=\"https:\/\/joaquinfranco.com\/wp-content\/uploads\/2020\/05\/DCP_0513.jpg 300w, https:\/\/joaquinfranco.com\/wp-content\/uploads\/2020\/05\/DCP_0513-200x300.jpg 200w\" sizes=\"(max-width: 300px) 100vw, 300px\" \/><\/a><figcaption class=\"blocks-gallery-item__caption\">PERCHERO<\/figcaption><\/figure><\/li><li class=\"blocks-gallery-item\"><figure><a href=\"http:\/\/joaquinfranco.com\/wp-content\/uploads\/2020\/05\/DCP_0514.jpg\"><img loading=\"lazy\" width=\"300\" height=\"200\" src=\"http:\/\/joaquinfranco.com\/wp-content\/uploads\/2020\/05\/DCP_0514.jpg\" alt=\"\" data-id=\"637\" data-full-url=\"http:\/\/joaquinfranco.com\/wp-content\/uploads\/2020\/05\/DCP_0514.jpg\" data-link=\"http:\/\/joaquinfranco.com\/?attachment_id=637\" class=\"wp-image-637\"\/><\/a><figcaption class=\"blocks-gallery-item__caption\">DETALLE<\/figcaption><\/figure><\/li><\/ul><\/figure>\n\n\n\n<p><\/p>\n","protected":false},"excerpt":{"rendered":"<p>PELUQUER\u00cdA Y CENTRO DE ESTETICA \u201cLeticia Arenal\u201d (2004)BOO DE PIELAGOS Proyecto integral decorativo para una peluquer\u00eda y centro de est\u00e9tica en Bo\u00f3 de Pielagos. El local se compone de dos niveles unidos por unos pelda\u00f1os, en el primero se localiza la peluquer\u00eda, y en el segundo nivel trasero se localiza&#8230;<\/p>\n","protected":false},"author":1,"featured_media":0,"parent":0,"menu_order":0,"comment_status":"closed","ping_status":"closed","template":"","meta":[],"yoast_head":"<!-- This site is optimized with the Yoast SEO plugin v15.2.1 - https:\/\/yoast.com\/wordpress\/plugins\/seo\/ -->\n<title>PELUQUERIA LETICIA ARENAL - INTERIORISMO JOAQUIN FRANCO<\/title>\n<meta name=\"robots\" content=\"index, follow, max-snippet:-1, max-image-preview:large, max-video-preview:-1\" \/>\n<link rel=\"canonical\" href=\"https:\/\/joaquinfranco.com\/index.php\/peluqueria-leticia-arenal\/\" \/>\n<meta property=\"og:locale\" content=\"es_ES\" \/>\n<meta property=\"og:type\" content=\"article\" \/>\n<meta property=\"og:title\" content=\"PELUQUERIA LETICIA ARENAL - INTERIORISMO JOAQUIN FRANCO\" \/>\n<meta property=\"og:description\" content=\"PELUQUER\u00cdA Y CENTRO DE ESTETICA \u201cLeticia Arenal\u201d (2004)BOO DE PIELAGOS Proyecto integral decorativo para una peluquer\u00eda y centro de est\u00e9tica en Bo\u00f3 de Pielagos. El local se compone de dos niveles unidos por unos pelda\u00f1os, en el primero se localiza la peluquer\u00eda, y en el segundo nivel trasero se localiza...\" \/>\n<meta property=\"og:url\" content=\"https:\/\/joaquinfranco.com\/index.php\/peluqueria-leticia-arenal\/\" \/>\n<meta property=\"og:site_name\" content=\"INTERIORISMO JOAQUIN FRANCO\" \/>\n<meta property=\"article:publisher\" content=\"https:\/\/www.facebook.com\/joaquin.francotrueba\" \/>\n<meta property=\"article:modified_time\" content=\"2020-06-06T18:31:44+00:00\" \/>\n<meta property=\"og:image\" content=\"http:\/\/joaquinfranco.com\/wp-content\/uploads\/2020\/05\/DCP_0492.jpg\" \/>\n<meta name=\"twitter:card\" content=\"summary_large_image\" \/>\n<meta name=\"twitter:label1\" content=\"Escrito por\">\n\t<meta name=\"twitter:data1\" content=\"admin\">\n\t<meta name=\"twitter:label2\" content=\"Tiempo de lectura\">\n\t<meta name=\"twitter:data2\" content=\"1 minuto\">\n<script type=\"application\/ld+json\" class=\"yoast-schema-graph\">{\"@context\":\"https:\/\/schema.org\",\"@graph\":[{\"@type\":\"WebSite\",\"@id\":\"https:\/\/joaquinfranco.com\/#website\",\"url\":\"https:\/\/joaquinfranco.com\/\",\"name\":\"INTERIORISMO JOAQUIN FRANCO\",\"description\":\"Estudio de Decoraci\\u00f3n y Arquitectura Interior\",\"potentialAction\":[{\"@type\":\"SearchAction\",\"target\":\"https:\/\/joaquinfranco.com\/?s={search_term_string}\",\"query-input\":\"required name=search_term_string\"}],\"inLanguage\":\"es\"},{\"@type\":\"ImageObject\",\"@id\":\"https:\/\/joaquinfranco.com\/index.php\/peluqueria-leticia-arenal\/#primaryimage\",\"inLanguage\":\"es\",\"url\":\"http:\/\/joaquinfranco.com\/wp-content\/uploads\/2020\/05\/DCP_0492.jpg\"},{\"@type\":\"WebPage\",\"@id\":\"https:\/\/joaquinfranco.com\/index.php\/peluqueria-leticia-arenal\/#webpage\",\"url\":\"https:\/\/joaquinfranco.com\/index.php\/peluqueria-leticia-arenal\/\",\"name\":\"PELUQUERIA LETICIA ARENAL - INTERIORISMO JOAQUIN FRANCO\",\"isPartOf\":{\"@id\":\"https:\/\/joaquinfranco.com\/#website\"},\"primaryImageOfPage\":{\"@id\":\"https:\/\/joaquinfranco.com\/index.php\/peluqueria-leticia-arenal\/#primaryimage\"},\"datePublished\":\"2020-05-03T09:15:06+00:00\",\"dateModified\":\"2020-06-06T18:31:44+00:00\",\"inLanguage\":\"es\",\"potentialAction\":[{\"@type\":\"ReadAction\",\"target\":[\"https:\/\/joaquinfranco.com\/index.php\/peluqueria-leticia-arenal\/\"]}]}]}<\/script>\n<!-- \/ Yoast SEO plugin. -->","_links":{"self":[{"href":"https:\/\/joaquinfranco.com\/index.php\/wp-json\/wp\/v2\/pages\/619"}],"collection":[{"href":"https:\/\/joaquinfranco.com\/index.php\/wp-json\/wp\/v2\/pages"}],"about":[{"href":"https:\/\/joaquinfranco.com\/index.php\/wp-json\/wp\/v2\/types\/page"}],"author":[{"embeddable":true,"href":"https:\/\/joaquinfranco.com\/index.php\/wp-json\/wp\/v2\/users\/1"}],"replies":[{"embeddable":true,"href":"https:\/\/joaquinfranco.com\/index.php\/wp-json\/wp\/v2\/comments?post=619"}],"version-history":[{"count":3,"href":"https:\/\/joaquinfranco.com\/index.php\/wp-json\/wp\/v2\/pages\/619\/revisions"}],"predecessor-version":[{"id":1692,"href":"https:\/\/joaquinfranco.com\/index.php\/wp-json\/wp\/v2\/pages\/619\/revisions\/1692"}],"wp:attachment":[{"href":"https:\/\/joaquinfranco.com\/index.php\/wp-json\/wp\/v2\/media?parent=619"}],"curies":[{"name":"wp","href":"https:\/\/api.w.org\/{rel}","templated":true}]}}