{"id":604,"date":"2020-05-03T08:52:19","date_gmt":"2020-05-03T08:52:19","guid":{"rendered":"http:\/\/joaquinfranco.com\/?page_id=604"},"modified":"2020-06-18T17:43:09","modified_gmt":"2020-06-18T17:43:09","slug":"decoracion-oficina-inmobiliaria","status":"publish","type":"page","link":"https:\/\/joaquinfranco.com\/index.php\/decoracion-oficina-inmobiliaria\/","title":{"rendered":"DECORACION OFICINA INMOBILIARIA"},"content":{"rendered":"\n<h2 class=\"has-text-align-center\">OFICINA INMOBILIARIA \u201cGadin 97\u201d (2005)<br>Avenida de Santander n\u00ba 17-NOJA<\/h2>\n\n\n\n<p>Decoraci\u00f3n de una Oficina de la Promotora-Inmobiliaria Gadin 97. Tras un cambio de dise\u00f1o y logotipo de la empresa se realiza la decoraci\u00f3n de esta oficina. Se utilizan los colores del logotipo (granate y dorado) para pintar las paredes lisas , intercalando los colores, en la zona de atenci\u00f3n al cliente y en el despacho de reuniones y con rayas verticales en los pasillo. El decorador dise\u00f1a una estructura de paneles de acero para poder presentar los planos y publicidad de las promociones, los cuales son de doble cara y se pueden ver desde el escaparate y desde el interior, amortizando el espacio utilizado.<\/p>\n\n\n\n<figure class=\"wp-block-embed-youtube wp-block-embed is-type-video is-provider-youtube wp-embed-aspect-16-9 wp-has-aspect-ratio\"><div class=\"wp-block-embed__wrapper\">\n<iframe title=\"oficina gadin 97\" width=\"790\" height=\"444\" src=\"https:\/\/www.youtube.com\/embed\/33s6jsXQOqY?feature=oembed\" frameborder=\"0\" allow=\"accelerometer; autoplay; encrypted-media; gyroscope; picture-in-picture\" allowfullscreen><\/iframe>\n<\/div><\/figure>\n\n\n\n<figure class=\"wp-block-gallery columns-4 is-cropped\"><ul class=\"blocks-gallery-grid\"><li class=\"blocks-gallery-item\"><figure><a href=\"http:\/\/joaquinfranco.com\/wp-content\/uploads\/2020\/05\/OFIC-noja-001.jpg\"><img loading=\"lazy\" width=\"305\" height=\"407\" src=\"http:\/\/joaquinfranco.com\/wp-content\/uploads\/2020\/05\/OFIC-noja-001.jpg\" alt=\"\" data-id=\"605\" data-full-url=\"http:\/\/joaquinfranco.com\/wp-content\/uploads\/2020\/05\/OFIC-noja-001.jpg\" data-link=\"http:\/\/joaquinfranco.com\/?attachment_id=605\" class=\"wp-image-605\" srcset=\"https:\/\/joaquinfranco.com\/wp-content\/uploads\/2020\/05\/OFIC-noja-001.jpg 305w, https:\/\/joaquinfranco.com\/wp-content\/uploads\/2020\/05\/OFIC-noja-001-225x300.jpg 225w\" sizes=\"(max-width: 305px) 100vw, 305px\" \/><\/a><figcaption class=\"blocks-gallery-item__caption\">ZONA DE DESPACHO<\/figcaption><\/figure><\/li><li class=\"blocks-gallery-item\"><figure><a href=\"http:\/\/joaquinfranco.com\/wp-content\/uploads\/2020\/05\/OFIC-noja-002.jpg\"><img loading=\"lazy\" width=\"407\" height=\"305\" src=\"http:\/\/joaquinfranco.com\/wp-content\/uploads\/2020\/05\/OFIC-noja-002.jpg\" alt=\"\" data-id=\"606\" data-full-url=\"http:\/\/joaquinfranco.com\/wp-content\/uploads\/2020\/05\/OFIC-noja-002.jpg\" data-link=\"http:\/\/joaquinfranco.com\/?attachment_id=606\" class=\"wp-image-606\" srcset=\"https:\/\/joaquinfranco.com\/wp-content\/uploads\/2020\/05\/OFIC-noja-002.jpg 407w, https:\/\/joaquinfranco.com\/wp-content\/uploads\/2020\/05\/OFIC-noja-002-300x225.jpg 300w\" sizes=\"(max-width: 407px) 100vw, 407px\" \/><\/a><figcaption class=\"blocks-gallery-item__caption\">ZONA DE DESPACHO<\/figcaption><\/figure><\/li><li class=\"blocks-gallery-item\"><figure><a href=\"http:\/\/joaquinfranco.com\/wp-content\/uploads\/2020\/05\/OFIC-noja-003.jpg\"><img loading=\"lazy\" width=\"407\" height=\"305\" src=\"http:\/\/joaquinfranco.com\/wp-content\/uploads\/2020\/05\/OFIC-noja-003.jpg\" alt=\"\" data-id=\"607\" data-full-url=\"http:\/\/joaquinfranco.com\/wp-content\/uploads\/2020\/05\/OFIC-noja-003.jpg\" data-link=\"http:\/\/joaquinfranco.com\/?attachment_id=607\" class=\"wp-image-607\" srcset=\"https:\/\/joaquinfranco.com\/wp-content\/uploads\/2020\/05\/OFIC-noja-003.jpg 407w, https:\/\/joaquinfranco.com\/wp-content\/uploads\/2020\/05\/OFIC-noja-003-300x225.jpg 300w\" sizes=\"(max-width: 407px) 100vw, 407px\" \/><\/a><figcaption class=\"blocks-gallery-item__caption\">ZONA DE DESPACHO<\/figcaption><\/figure><\/li><li class=\"blocks-gallery-item\"><figure><a href=\"http:\/\/joaquinfranco.com\/wp-content\/uploads\/2020\/05\/OFIC-noja-004.jpg\"><img loading=\"lazy\" width=\"407\" height=\"305\" src=\"http:\/\/joaquinfranco.com\/wp-content\/uploads\/2020\/05\/OFIC-noja-004.jpg\" alt=\"\" data-id=\"608\" data-full-url=\"http:\/\/joaquinfranco.com\/wp-content\/uploads\/2020\/05\/OFIC-noja-004.jpg\" data-link=\"http:\/\/joaquinfranco.com\/?attachment_id=608\" class=\"wp-image-608\" srcset=\"https:\/\/joaquinfranco.com\/wp-content\/uploads\/2020\/05\/OFIC-noja-004.jpg 407w, https:\/\/joaquinfranco.com\/wp-content\/uploads\/2020\/05\/OFIC-noja-004-300x225.jpg 300w\" sizes=\"(max-width: 407px) 100vw, 407px\" \/><\/a><figcaption class=\"blocks-gallery-item__caption\">MUESTRARIO<\/figcaption><\/figure><\/li><li class=\"blocks-gallery-item\"><figure><a href=\"http:\/\/joaquinfranco.com\/wp-content\/uploads\/2020\/05\/OFIC-noja-005.jpg\"><img loading=\"lazy\" width=\"1024\" height=\"768\" src=\"http:\/\/joaquinfranco.com\/wp-content\/uploads\/2020\/05\/OFIC-noja-005-1024x768.jpg\" alt=\"\" data-id=\"609\" data-full-url=\"http:\/\/joaquinfranco.com\/wp-content\/uploads\/2020\/05\/OFIC-noja-005.jpg\" data-link=\"http:\/\/joaquinfranco.com\/?attachment_id=609\" class=\"wp-image-609\" srcset=\"https:\/\/joaquinfranco.com\/wp-content\/uploads\/2020\/05\/OFIC-noja-005-1024x768.jpg 1024w, https:\/\/joaquinfranco.com\/wp-content\/uploads\/2020\/05\/OFIC-noja-005-300x225.jpg 300w, https:\/\/joaquinfranco.com\/wp-content\/uploads\/2020\/05\/OFIC-noja-005-768x576.jpg 768w, https:\/\/joaquinfranco.com\/wp-content\/uploads\/2020\/05\/OFIC-noja-005-1536x1152.jpg 1536w, https:\/\/joaquinfranco.com\/wp-content\/uploads\/2020\/05\/OFIC-noja-005.jpg 2032w\" sizes=\"(max-width: 1024px) 100vw, 1024px\" \/><\/a><figcaption class=\"blocks-gallery-item__caption\">MUESTRARIO<\/figcaption><\/figure><\/li><li class=\"blocks-gallery-item\"><figure><a href=\"http:\/\/joaquinfranco.com\/wp-content\/uploads\/2020\/05\/OFIC-noja-006.jpg\"><img loading=\"lazy\" width=\"305\" height=\"407\" src=\"http:\/\/joaquinfranco.com\/wp-content\/uploads\/2020\/05\/OFIC-noja-006.jpg\" alt=\"\" data-id=\"610\" data-full-url=\"http:\/\/joaquinfranco.com\/wp-content\/uploads\/2020\/05\/OFIC-noja-006.jpg\" data-link=\"http:\/\/joaquinfranco.com\/?attachment_id=610\" class=\"wp-image-610\" srcset=\"https:\/\/joaquinfranco.com\/wp-content\/uploads\/2020\/05\/OFIC-noja-006.jpg 305w, https:\/\/joaquinfranco.com\/wp-content\/uploads\/2020\/05\/OFIC-noja-006-225x300.jpg 225w\" sizes=\"(max-width: 305px) 100vw, 305px\" \/><\/a><figcaption class=\"blocks-gallery-item__caption\">MUESTRARIO<\/figcaption><\/figure><\/li><li class=\"blocks-gallery-item\"><figure><a href=\"http:\/\/joaquinfranco.com\/wp-content\/uploads\/2020\/05\/OFIC-noja-007.jpg\"><img loading=\"lazy\" width=\"407\" height=\"305\" src=\"http:\/\/joaquinfranco.com\/wp-content\/uploads\/2020\/05\/OFIC-noja-007.jpg\" alt=\"\" data-id=\"611\" data-full-url=\"http:\/\/joaquinfranco.com\/wp-content\/uploads\/2020\/05\/OFIC-noja-007.jpg\" data-link=\"http:\/\/joaquinfranco.com\/?attachment_id=611\" class=\"wp-image-611\" srcset=\"https:\/\/joaquinfranco.com\/wp-content\/uploads\/2020\/05\/OFIC-noja-007.jpg 407w, https:\/\/joaquinfranco.com\/wp-content\/uploads\/2020\/05\/OFIC-noja-007-300x225.jpg 300w\" sizes=\"(max-width: 407px) 100vw, 407px\" \/><\/a><figcaption class=\"blocks-gallery-item__caption\">ATENCION AL CLIENTE<\/figcaption><\/figure><\/li><li class=\"blocks-gallery-item\"><figure><a href=\"http:\/\/joaquinfranco.com\/wp-content\/uploads\/2020\/05\/OFIC-noja-008.jpg\"><img loading=\"lazy\" width=\"305\" height=\"407\" src=\"http:\/\/joaquinfranco.com\/wp-content\/uploads\/2020\/05\/OFIC-noja-008.jpg\" alt=\"\" data-id=\"612\" data-full-url=\"http:\/\/joaquinfranco.com\/wp-content\/uploads\/2020\/05\/OFIC-noja-008.jpg\" data-link=\"http:\/\/joaquinfranco.com\/?attachment_id=612\" class=\"wp-image-612\" srcset=\"https:\/\/joaquinfranco.com\/wp-content\/uploads\/2020\/05\/OFIC-noja-008.jpg 305w, https:\/\/joaquinfranco.com\/wp-content\/uploads\/2020\/05\/OFIC-noja-008-225x300.jpg 225w\" sizes=\"(max-width: 305px) 100vw, 305px\" \/><\/a><figcaption class=\"blocks-gallery-item__caption\">MUESTRARIO<\/figcaption><\/figure><\/li><li class=\"blocks-gallery-item\"><figure><a href=\"http:\/\/joaquinfranco.com\/wp-content\/uploads\/2020\/05\/OFIC-noja-009.jpg\"><img loading=\"lazy\" width=\"407\" height=\"305\" src=\"http:\/\/joaquinfranco.com\/wp-content\/uploads\/2020\/05\/OFIC-noja-009.jpg\" alt=\"\" data-id=\"613\" data-full-url=\"http:\/\/joaquinfranco.com\/wp-content\/uploads\/2020\/05\/OFIC-noja-009.jpg\" data-link=\"http:\/\/joaquinfranco.com\/?attachment_id=613\" class=\"wp-image-613\" srcset=\"https:\/\/joaquinfranco.com\/wp-content\/uploads\/2020\/05\/OFIC-noja-009.jpg 407w, https:\/\/joaquinfranco.com\/wp-content\/uploads\/2020\/05\/OFIC-noja-009-300x225.jpg 300w\" sizes=\"(max-width: 407px) 100vw, 407px\" \/><\/a><figcaption class=\"blocks-gallery-item__caption\">DETALLE<\/figcaption><\/figure><\/li><li class=\"blocks-gallery-item\"><figure><a href=\"http:\/\/joaquinfranco.com\/wp-content\/uploads\/2020\/05\/OFIC-noja-010.jpg\"><img loading=\"lazy\" width=\"305\" height=\"407\" src=\"http:\/\/joaquinfranco.com\/wp-content\/uploads\/2020\/05\/OFIC-noja-010.jpg\" alt=\"\" data-id=\"614\" data-full-url=\"http:\/\/joaquinfranco.com\/wp-content\/uploads\/2020\/05\/OFIC-noja-010.jpg\" data-link=\"http:\/\/joaquinfranco.com\/?attachment_id=614\" class=\"wp-image-614\" srcset=\"https:\/\/joaquinfranco.com\/wp-content\/uploads\/2020\/05\/OFIC-noja-010.jpg 305w, https:\/\/joaquinfranco.com\/wp-content\/uploads\/2020\/05\/OFIC-noja-010-225x300.jpg 225w\" sizes=\"(max-width: 305px) 100vw, 305px\" \/><\/a><figcaption class=\"blocks-gallery-item__caption\">DETALLE<\/figcaption><\/figure><\/li><li class=\"blocks-gallery-item\"><figure><a href=\"http:\/\/joaquinfranco.com\/wp-content\/uploads\/2020\/05\/OFIC-noja-011.jpg\"><img loading=\"lazy\" width=\"407\" height=\"305\" src=\"http:\/\/joaquinfranco.com\/wp-content\/uploads\/2020\/05\/OFIC-noja-011.jpg\" alt=\"\" data-id=\"615\" data-full-url=\"http:\/\/joaquinfranco.com\/wp-content\/uploads\/2020\/05\/OFIC-noja-011.jpg\" data-link=\"http:\/\/joaquinfranco.com\/?attachment_id=615\" class=\"wp-image-615\" srcset=\"https:\/\/joaquinfranco.com\/wp-content\/uploads\/2020\/05\/OFIC-noja-011.jpg 407w, https:\/\/joaquinfranco.com\/wp-content\/uploads\/2020\/05\/OFIC-noja-011-300x225.jpg 300w\" sizes=\"(max-width: 407px) 100vw, 407px\" \/><\/a><figcaption class=\"blocks-gallery-item__caption\">PUBLICIDAD<\/figcaption><\/figure><\/li><li class=\"blocks-gallery-item\"><figure><a href=\"http:\/\/joaquinfranco.com\/wp-content\/uploads\/2020\/05\/OFIC-noja-012.jpg\"><img loading=\"lazy\" width=\"407\" height=\"305\" src=\"http:\/\/joaquinfranco.com\/wp-content\/uploads\/2020\/05\/OFIC-noja-012.jpg\" alt=\"\" data-id=\"616\" data-full-url=\"http:\/\/joaquinfranco.com\/wp-content\/uploads\/2020\/05\/OFIC-noja-012.jpg\" data-link=\"http:\/\/joaquinfranco.com\/?attachment_id=616\" class=\"wp-image-616\" srcset=\"https:\/\/joaquinfranco.com\/wp-content\/uploads\/2020\/05\/OFIC-noja-012.jpg 407w, https:\/\/joaquinfranco.com\/wp-content\/uploads\/2020\/05\/OFIC-noja-012-300x225.jpg 300w\" sizes=\"(max-width: 407px) 100vw, 407px\" \/><\/a><figcaption class=\"blocks-gallery-item__caption\">DETALLE<\/figcaption><\/figure><\/li><\/ul><\/figure>\n\n\n\n<div class=\"wp-block-file aligncenter\"><a href=\"http:\/\/joaquinfranco.com\/wp-content\/uploads\/2020\/05\/decoraci\u00f3n-oficina-meri-.pdf\">decoraci\u00f3n-oficina-meri-<\/a><a href=\"http:\/\/joaquinfranco.com\/wp-content\/uploads\/2020\/05\/decoraci\u00f3n-oficina-meri-.pdf\" class=\"wp-block-file__button\" download>Descarga<\/a><\/div>\n\n\n\n<p><\/p>\n","protected":false},"excerpt":{"rendered":"<p>OFICINA INMOBILIARIA \u201cGadin 97\u201d (2005)Avenida de Santander n\u00ba 17-NOJA Decoraci\u00f3n de una Oficina de la Promotora-Inmobiliaria Gadin 97. Tras un cambio de dise\u00f1o y logotipo de la empresa se realiza la decoraci\u00f3n de esta oficina. Se utilizan los colores del logotipo (granate y dorado) para pintar las paredes lisas ,&#8230;<\/p>\n","protected":false},"author":1,"featured_media":0,"parent":0,"menu_order":0,"comment_status":"closed","ping_status":"closed","template":"","meta":[],"yoast_head":"<!-- This site is optimized with the Yoast SEO plugin v15.2.1 - https:\/\/yoast.com\/wordpress\/plugins\/seo\/ -->\n<title>DECORACION OFICINA INMOBILIARIA - INTERIORISMO JOAQUIN FRANCO<\/title>\n<meta name=\"robots\" content=\"index, follow, max-snippet:-1, max-image-preview:large, max-video-preview:-1\" \/>\n<link rel=\"canonical\" href=\"https:\/\/joaquinfranco.com\/index.php\/decoracion-oficina-inmobiliaria\/\" \/>\n<meta property=\"og:locale\" content=\"es_ES\" \/>\n<meta property=\"og:type\" content=\"article\" \/>\n<meta property=\"og:title\" content=\"DECORACION OFICINA INMOBILIARIA - INTERIORISMO JOAQUIN FRANCO\" \/>\n<meta property=\"og:description\" content=\"OFICINA INMOBILIARIA \u201cGadin 97\u201d (2005)Avenida de Santander n\u00ba 17-NOJA Decoraci\u00f3n de una Oficina de la Promotora-Inmobiliaria Gadin 97. Tras un cambio de dise\u00f1o y logotipo de la empresa se realiza la decoraci\u00f3n de esta oficina. Se utilizan los colores del logotipo (granate y dorado) para pintar las paredes lisas ,...\" \/>\n<meta property=\"og:url\" content=\"https:\/\/joaquinfranco.com\/index.php\/decoracion-oficina-inmobiliaria\/\" \/>\n<meta property=\"og:site_name\" content=\"INTERIORISMO JOAQUIN FRANCO\" \/>\n<meta property=\"article:publisher\" content=\"https:\/\/www.facebook.com\/joaquin.francotrueba\" \/>\n<meta property=\"article:modified_time\" content=\"2020-06-18T17:43:09+00:00\" \/>\n<meta property=\"og:image\" content=\"http:\/\/joaquinfranco.com\/wp-content\/uploads\/2020\/05\/OFIC-noja-001.jpg\" \/>\n<meta name=\"twitter:card\" content=\"summary_large_image\" \/>\n<meta name=\"twitter:label1\" content=\"Escrito por\">\n\t<meta name=\"twitter:data1\" content=\"admin\">\n\t<meta name=\"twitter:label2\" content=\"Tiempo de lectura\">\n\t<meta name=\"twitter:data2\" content=\"1 minuto\">\n<script type=\"application\/ld+json\" class=\"yoast-schema-graph\">{\"@context\":\"https:\/\/schema.org\",\"@graph\":[{\"@type\":\"WebSite\",\"@id\":\"https:\/\/joaquinfranco.com\/#website\",\"url\":\"https:\/\/joaquinfranco.com\/\",\"name\":\"INTERIORISMO JOAQUIN FRANCO\",\"description\":\"Estudio de Decoraci\\u00f3n y Arquitectura Interior\",\"potentialAction\":[{\"@type\":\"SearchAction\",\"target\":\"https:\/\/joaquinfranco.com\/?s={search_term_string}\",\"query-input\":\"required name=search_term_string\"}],\"inLanguage\":\"es\"},{\"@type\":\"ImageObject\",\"@id\":\"https:\/\/joaquinfranco.com\/index.php\/decoracion-oficina-inmobiliaria\/#primaryimage\",\"inLanguage\":\"es\",\"url\":\"http:\/\/joaquinfranco.com\/wp-content\/uploads\/2020\/05\/OFIC-noja-001.jpg\"},{\"@type\":\"WebPage\",\"@id\":\"https:\/\/joaquinfranco.com\/index.php\/decoracion-oficina-inmobiliaria\/#webpage\",\"url\":\"https:\/\/joaquinfranco.com\/index.php\/decoracion-oficina-inmobiliaria\/\",\"name\":\"DECORACION OFICINA INMOBILIARIA - INTERIORISMO JOAQUIN FRANCO\",\"isPartOf\":{\"@id\":\"https:\/\/joaquinfranco.com\/#website\"},\"primaryImageOfPage\":{\"@id\":\"https:\/\/joaquinfranco.com\/index.php\/decoracion-oficina-inmobiliaria\/#primaryimage\"},\"datePublished\":\"2020-05-03T08:52:19+00:00\",\"dateModified\":\"2020-06-18T17:43:09+00:00\",\"inLanguage\":\"es\",\"potentialAction\":[{\"@type\":\"ReadAction\",\"target\":[\"https:\/\/joaquinfranco.com\/index.php\/decoracion-oficina-inmobiliaria\/\"]}]}]}<\/script>\n<!-- \/ Yoast SEO plugin. -->","_links":{"self":[{"href":"https:\/\/joaquinfranco.com\/index.php\/wp-json\/wp\/v2\/pages\/604"}],"collection":[{"href":"https:\/\/joaquinfranco.com\/index.php\/wp-json\/wp\/v2\/pages"}],"about":[{"href":"https:\/\/joaquinfranco.com\/index.php\/wp-json\/wp\/v2\/types\/page"}],"author":[{"embeddable":true,"href":"https:\/\/joaquinfranco.com\/index.php\/wp-json\/wp\/v2\/users\/1"}],"replies":[{"embeddable":true,"href":"https:\/\/joaquinfranco.com\/index.php\/wp-json\/wp\/v2\/comments?post=604"}],"version-history":[{"count":3,"href":"https:\/\/joaquinfranco.com\/index.php\/wp-json\/wp\/v2\/pages\/604\/revisions"}],"predecessor-version":[{"id":1718,"href":"https:\/\/joaquinfranco.com\/index.php\/wp-json\/wp\/v2\/pages\/604\/revisions\/1718"}],"wp:attachment":[{"href":"https:\/\/joaquinfranco.com\/index.php\/wp-json\/wp\/v2\/media?parent=604"}],"curies":[{"name":"wp","href":"https:\/\/api.w.org\/{rel}","templated":true}]}}