{"id":1730,"date":"2020-06-21T17:06:51","date_gmt":"2020-06-21T17:06:51","guid":{"rendered":"http:\/\/joaquinfranco.com\/?page_id=1730"},"modified":"2020-06-21T17:07:36","modified_gmt":"2020-06-21T17:07:36","slug":"estudios-para-12-viviendas-en-gama","status":"publish","type":"page","link":"https:\/\/joaquinfranco.com\/index.php\/estudios-para-12-viviendas-en-gama\/","title":{"rendered":"ESTUDIOS PARA 12 VIVIENDAS EN GAMA"},"content":{"rendered":"\n<p class=\"has-background has-drop-cap has-very-light-gray-background-color\">estudios para 12 viviendas de chalets individuales con Jardin con dos modelos A y B formados por 3 dormitorios, 3 ba\u00f1os, 2 aseos , sal\u00f3n, estar cocina y semis\u00f3tano para garaje, trastero y bodega.. para realizaci\u00f3n de promoci\u00f3n-construcci\u00f3n  denominaci\u00f3n comercial \u00abRESIDELCIAL SALAMANCA\u00bb en el a\u00f1o 2005<\/p>\n\n\n\n<figure class=\"wp-block-gallery alignwide columns-1 is-cropped\"><ul class=\"blocks-gallery-grid\"><li class=\"blocks-gallery-item\"><figure><a href=\"http:\/\/joaquinfranco.com\/wp-content\/uploads\/2020\/06\/00-PORTADA.jpg\"><img loading=\"lazy\" width=\"500\" height=\"342\" src=\"http:\/\/joaquinfranco.com\/wp-content\/uploads\/2020\/06\/00-PORTADA.jpg\" alt=\"\" data-id=\"1731\" data-full-url=\"http:\/\/joaquinfranco.com\/wp-content\/uploads\/2020\/06\/00-PORTADA.jpg\" data-link=\"http:\/\/joaquinfranco.com\/?attachment_id=1731\" class=\"wp-image-1731\" srcset=\"https:\/\/joaquinfranco.com\/wp-content\/uploads\/2020\/06\/00-PORTADA.jpg 500w, https:\/\/joaquinfranco.com\/wp-content\/uploads\/2020\/06\/00-PORTADA-300x205.jpg 300w\" sizes=\"(max-width: 500px) 100vw, 500px\" \/><\/a><\/figure><\/li><\/ul><\/figure>\n\n\n\n<div class=\"wp-block-file\"><a href=\"http:\/\/joaquinfranco.com\/wp-content\/uploads\/2020\/06\/PLANOS-VIVIENDAS-TIPO-1-Y-TIPO-2.pdf\">PLANOS-VIVIENDAS-TIPO-1-Y-TIPO-2<\/a><a href=\"http:\/\/joaquinfranco.com\/wp-content\/uploads\/2020\/06\/PLANOS-VIVIENDAS-TIPO-1-Y-TIPO-2.pdf\" class=\"wp-block-file__button\" download>Descarga<\/a><\/div>\n","protected":false},"excerpt":{"rendered":"<p>estudios para 12 viviendas de chalets individuales con Jardin con dos modelos A y B formados por 3 dormitorios, 3 ba\u00f1os, 2 aseos , sal\u00f3n, estar cocina y semis\u00f3tano para garaje, trastero y bodega.. para realizaci\u00f3n de promoci\u00f3n-construcci\u00f3n denominaci\u00f3n comercial \u00abRESIDELCIAL SALAMANCA\u00bb en el a\u00f1o 2005<\/p>\n","protected":false},"author":1,"featured_media":0,"parent":0,"menu_order":0,"comment_status":"closed","ping_status":"closed","template":"","meta":[],"yoast_head":"<!-- This site is optimized with the Yoast SEO plugin v15.2.1 - https:\/\/yoast.com\/wordpress\/plugins\/seo\/ -->\n<title>ESTUDIOS PARA 12 VIVIENDAS EN GAMA - INTERIORISMO JOAQUIN FRANCO<\/title>\n<meta name=\"robots\" content=\"index, follow, max-snippet:-1, max-image-preview:large, max-video-preview:-1\" \/>\n<link rel=\"canonical\" href=\"https:\/\/joaquinfranco.com\/index.php\/estudios-para-12-viviendas-en-gama\/\" \/>\n<meta property=\"og:locale\" content=\"es_ES\" \/>\n<meta property=\"og:type\" content=\"article\" \/>\n<meta property=\"og:title\" content=\"ESTUDIOS PARA 12 VIVIENDAS EN GAMA - INTERIORISMO JOAQUIN FRANCO\" \/>\n<meta property=\"og:description\" content=\"estudios para 12 viviendas de chalets individuales con Jardin con dos modelos A y B formados por 3 dormitorios, 3 ba\u00f1os, 2 aseos , sal\u00f3n, estar cocina y semis\u00f3tano para garaje, trastero y bodega.. para realizaci\u00f3n de promoci\u00f3n-construcci\u00f3n denominaci\u00f3n comercial \u00abRESIDELCIAL SALAMANCA\u00bb en el a\u00f1o 2005\" \/>\n<meta property=\"og:url\" content=\"https:\/\/joaquinfranco.com\/index.php\/estudios-para-12-viviendas-en-gama\/\" \/>\n<meta property=\"og:site_name\" content=\"INTERIORISMO JOAQUIN FRANCO\" \/>\n<meta property=\"article:publisher\" content=\"https:\/\/www.facebook.com\/joaquin.francotrueba\" \/>\n<meta property=\"article:modified_time\" content=\"2020-06-21T17:07:36+00:00\" \/>\n<meta property=\"og:image\" content=\"http:\/\/joaquinfranco.com\/wp-content\/uploads\/2020\/06\/00-PORTADA.jpg\" \/>\n<meta name=\"twitter:card\" content=\"summary_large_image\" \/>\n<meta name=\"twitter:label1\" content=\"Escrito por\">\n\t<meta name=\"twitter:data1\" content=\"admin\">\n\t<meta name=\"twitter:label2\" content=\"Tiempo de lectura\">\n\t<meta name=\"twitter:data2\" content=\"0 minutos\">\n<script type=\"application\/ld+json\" class=\"yoast-schema-graph\">{\"@context\":\"https:\/\/schema.org\",\"@graph\":[{\"@type\":\"WebSite\",\"@id\":\"https:\/\/joaquinfranco.com\/#website\",\"url\":\"https:\/\/joaquinfranco.com\/\",\"name\":\"INTERIORISMO JOAQUIN FRANCO\",\"description\":\"Estudio de Decoraci\\u00f3n y Arquitectura Interior\",\"potentialAction\":[{\"@type\":\"SearchAction\",\"target\":\"https:\/\/joaquinfranco.com\/?s={search_term_string}\",\"query-input\":\"required name=search_term_string\"}],\"inLanguage\":\"es\"},{\"@type\":\"ImageObject\",\"@id\":\"https:\/\/joaquinfranco.com\/index.php\/estudios-para-12-viviendas-en-gama\/#primaryimage\",\"inLanguage\":\"es\",\"url\":\"http:\/\/joaquinfranco.com\/wp-content\/uploads\/2020\/06\/00-PORTADA.jpg\"},{\"@type\":\"WebPage\",\"@id\":\"https:\/\/joaquinfranco.com\/index.php\/estudios-para-12-viviendas-en-gama\/#webpage\",\"url\":\"https:\/\/joaquinfranco.com\/index.php\/estudios-para-12-viviendas-en-gama\/\",\"name\":\"ESTUDIOS PARA 12 VIVIENDAS EN GAMA - INTERIORISMO JOAQUIN FRANCO\",\"isPartOf\":{\"@id\":\"https:\/\/joaquinfranco.com\/#website\"},\"primaryImageOfPage\":{\"@id\":\"https:\/\/joaquinfranco.com\/index.php\/estudios-para-12-viviendas-en-gama\/#primaryimage\"},\"datePublished\":\"2020-06-21T17:06:51+00:00\",\"dateModified\":\"2020-06-21T17:07:36+00:00\",\"inLanguage\":\"es\",\"potentialAction\":[{\"@type\":\"ReadAction\",\"target\":[\"https:\/\/joaquinfranco.com\/index.php\/estudios-para-12-viviendas-en-gama\/\"]}]}]}<\/script>\n<!-- \/ Yoast SEO plugin. -->","_links":{"self":[{"href":"https:\/\/joaquinfranco.com\/index.php\/wp-json\/wp\/v2\/pages\/1730"}],"collection":[{"href":"https:\/\/joaquinfranco.com\/index.php\/wp-json\/wp\/v2\/pages"}],"about":[{"href":"https:\/\/joaquinfranco.com\/index.php\/wp-json\/wp\/v2\/types\/page"}],"author":[{"embeddable":true,"href":"https:\/\/joaquinfranco.com\/index.php\/wp-json\/wp\/v2\/users\/1"}],"replies":[{"embeddable":true,"href":"https:\/\/joaquinfranco.com\/index.php\/wp-json\/wp\/v2\/comments?post=1730"}],"version-history":[{"count":2,"href":"https:\/\/joaquinfranco.com\/index.php\/wp-json\/wp\/v2\/pages\/1730\/revisions"}],"predecessor-version":[{"id":1735,"href":"https:\/\/joaquinfranco.com\/index.php\/wp-json\/wp\/v2\/pages\/1730\/revisions\/1735"}],"wp:attachment":[{"href":"https:\/\/joaquinfranco.com\/index.php\/wp-json\/wp\/v2\/media?parent=1730"}],"curies":[{"name":"wp","href":"https:\/\/api.w.org\/{rel}","templated":true}]}}