{"id":1556,"date":"2020-05-16T10:30:14","date_gmt":"2020-05-16T10:30:14","guid":{"rendered":"http:\/\/joaquinfranco.com\/?page_id=1556"},"modified":"2020-05-16T18:28:46","modified_gmt":"2020-05-16T18:28:46","slug":"primeros-proyectos","status":"publish","type":"page","link":"https:\/\/joaquinfranco.com\/index.php\/primeros-proyectos\/","title":{"rendered":"PRIMEROS PROYECTOS"},"content":{"rendered":"\n<div class=\"wp-block-media-text alignwide is-stacked-on-mobile is-image-fill\"><figure class=\"wp-block-media-text__media\" style=\"background-image:url(http:\/\/joaquinfranco.com\/wp-content\/uploads\/2020\/05\/09.jpg);background-position:50% 50%\"><img loading=\"lazy\" width=\"375\" height=\"500\" src=\"http:\/\/joaquinfranco.com\/wp-content\/uploads\/2020\/05\/09.jpg\" alt=\"\" class=\"wp-image-1551\" srcset=\"https:\/\/joaquinfranco.com\/wp-content\/uploads\/2020\/05\/09.jpg 375w, https:\/\/joaquinfranco.com\/wp-content\/uploads\/2020\/05\/09-225x300.jpg 225w\" sizes=\"(max-width: 375px) 100vw, 375px\" \/><\/figure><div class=\"wp-block-media-text__content\">\n<p class=\"has-background has-text-align-center has-medium-font-size has-very-light-gray-background-color\"><a href=\"http:\/\/joaquinfranco.com\/index.php\/estudio-de-interiorismo\/\" target=\"_blank\" rel=\"noreferrer noopener\">PROYECTO Y OBRA DE ESTUDIO DE DECORACI\u00d3N EN MERUELO A\u00d1O 2006<\/a><\/p>\n<\/div><\/div>\n\n\n\n<div class=\"wp-block-media-text alignwide has-media-on-the-right is-stacked-on-mobile\"><figure class=\"wp-block-media-text__media\"><img loading=\"lazy\" width=\"500\" height=\"327\" src=\"http:\/\/joaquinfranco.com\/wp-content\/uploads\/2020\/05\/04-BAR-AMIGO.jpg\" alt=\"\" class=\"wp-image-1448\" srcset=\"https:\/\/joaquinfranco.com\/wp-content\/uploads\/2020\/05\/04-BAR-AMIGO.jpg 500w, https:\/\/joaquinfranco.com\/wp-content\/uploads\/2020\/05\/04-BAR-AMIGO-300x196.jpg 300w\" sizes=\"(max-width: 500px) 100vw, 500px\" \/><\/figure><div class=\"wp-block-media-text__content\">\n<p class=\"has-background has-text-align-center has-medium-font-size has-very-light-gray-background-color\"><a href=\"http:\/\/joaquinfranco.com\/index.php\/decoracion-cafe-bar-amigo-el-astillero\/\" target=\"_blank\" rel=\"noreferrer noopener\">DECORACI\u00d3N DE LOCAL COMO CAFE-BAR \u00abAMIGO\u00bb EN LA AVENIDA DE ESPA\u00d1A-EL ASTILLERO (A\u00d1O 2003)<\/a><\/p>\n<\/div><\/div>\n\n\n\n<div class=\"wp-block-media-text alignwide is-stacked-on-mobile\"><figure class=\"wp-block-media-text__media\"><img loading=\"lazy\" width=\"312\" height=\"208\" src=\"http:\/\/joaquinfranco.com\/wp-content\/uploads\/2020\/05\/EL-JARDIN-4.jpg\" alt=\"\" class=\"wp-image-1438\" srcset=\"https:\/\/joaquinfranco.com\/wp-content\/uploads\/2020\/05\/EL-JARDIN-4.jpg 312w, https:\/\/joaquinfranco.com\/wp-content\/uploads\/2020\/05\/EL-JARDIN-4-300x200.jpg 300w\" sizes=\"(max-width: 312px) 100vw, 312px\" \/><\/figure><div class=\"wp-block-media-text__content\">\n<p class=\"has-background has-text-align-center has-medium-font-size has-very-light-gray-background-color\"><a href=\"http:\/\/joaquinfranco.com\/index.php\/decoracion-de-cafeteria-en-el-astillero\/\" target=\"_blank\" rel=\"noreferrer noopener\">CAFETERIA \u00abEL JARDIN\u00bb EN EL ASTILLERO CALLE INDUSTRIA (A\u00d1O 2006)<\/a><\/p>\n<\/div><\/div>\n","protected":false},"excerpt":{"rendered":"<p>PROYECTO Y OBRA DE ESTUDIO DE DECORACI\u00d3N EN MERUELO A\u00d1O 2006 DECORACI\u00d3N DE LOCAL COMO CAFE-BAR \u00abAMIGO\u00bb EN LA AVENIDA DE ESPA\u00d1A-EL ASTILLERO (A\u00d1O 2003) CAFETERIA \u00abEL JARDIN\u00bb EN EL ASTILLERO CALLE INDUSTRIA (A\u00d1O 2006)<\/p>\n","protected":false},"author":1,"featured_media":0,"parent":0,"menu_order":0,"comment_status":"closed","ping_status":"closed","template":"","meta":[],"yoast_head":"<!-- This site is optimized with the Yoast SEO plugin v15.2.1 - https:\/\/yoast.com\/wordpress\/plugins\/seo\/ -->\n<title>PRIMEROS PROYECTOS - INTERIORISMO JOAQUIN FRANCO<\/title>\n<meta name=\"robots\" content=\"index, follow, max-snippet:-1, max-image-preview:large, max-video-preview:-1\" \/>\n<link rel=\"canonical\" href=\"https:\/\/joaquinfranco.com\/index.php\/primeros-proyectos\/\" \/>\n<meta property=\"og:locale\" content=\"es_ES\" \/>\n<meta property=\"og:type\" content=\"article\" \/>\n<meta property=\"og:title\" content=\"PRIMEROS PROYECTOS - INTERIORISMO JOAQUIN FRANCO\" \/>\n<meta property=\"og:description\" content=\"PROYECTO Y OBRA DE ESTUDIO DE DECORACI\u00d3N EN MERUELO A\u00d1O 2006 DECORACI\u00d3N DE LOCAL COMO CAFE-BAR \u00abAMIGO\u00bb EN LA AVENIDA DE ESPA\u00d1A-EL ASTILLERO (A\u00d1O 2003) CAFETERIA \u00abEL JARDIN\u00bb EN EL ASTILLERO CALLE INDUSTRIA (A\u00d1O 2006)\" \/>\n<meta property=\"og:url\" content=\"https:\/\/joaquinfranco.com\/index.php\/primeros-proyectos\/\" \/>\n<meta property=\"og:site_name\" content=\"INTERIORISMO JOAQUIN FRANCO\" \/>\n<meta property=\"article:publisher\" content=\"https:\/\/www.facebook.com\/joaquin.francotrueba\" \/>\n<meta property=\"article:modified_time\" content=\"2020-05-16T18:28:46+00:00\" \/>\n<meta property=\"og:image\" content=\"http:\/\/joaquinfranco.com\/wp-content\/uploads\/2020\/05\/09.jpg\" \/>\n<meta name=\"twitter:card\" content=\"summary_large_image\" \/>\n<meta name=\"twitter:label1\" content=\"Escrito por\">\n\t<meta name=\"twitter:data1\" content=\"admin\">\n\t<meta name=\"twitter:label2\" content=\"Tiempo de lectura\">\n\t<meta name=\"twitter:data2\" content=\"0 minutos\">\n<script type=\"application\/ld+json\" class=\"yoast-schema-graph\">{\"@context\":\"https:\/\/schema.org\",\"@graph\":[{\"@type\":\"WebSite\",\"@id\":\"https:\/\/joaquinfranco.com\/#website\",\"url\":\"https:\/\/joaquinfranco.com\/\",\"name\":\"INTERIORISMO JOAQUIN FRANCO\",\"description\":\"Estudio de Decoraci\\u00f3n y Arquitectura Interior\",\"potentialAction\":[{\"@type\":\"SearchAction\",\"target\":\"https:\/\/joaquinfranco.com\/?s={search_term_string}\",\"query-input\":\"required name=search_term_string\"}],\"inLanguage\":\"es\"},{\"@type\":\"ImageObject\",\"@id\":\"https:\/\/joaquinfranco.com\/index.php\/primeros-proyectos\/#primaryimage\",\"inLanguage\":\"es\",\"url\":\"http:\/\/joaquinfranco.com\/wp-content\/uploads\/2020\/05\/09.jpg\"},{\"@type\":\"WebPage\",\"@id\":\"https:\/\/joaquinfranco.com\/index.php\/primeros-proyectos\/#webpage\",\"url\":\"https:\/\/joaquinfranco.com\/index.php\/primeros-proyectos\/\",\"name\":\"PRIMEROS PROYECTOS - INTERIORISMO JOAQUIN FRANCO\",\"isPartOf\":{\"@id\":\"https:\/\/joaquinfranco.com\/#website\"},\"primaryImageOfPage\":{\"@id\":\"https:\/\/joaquinfranco.com\/index.php\/primeros-proyectos\/#primaryimage\"},\"datePublished\":\"2020-05-16T10:30:14+00:00\",\"dateModified\":\"2020-05-16T18:28:46+00:00\",\"inLanguage\":\"es\",\"potentialAction\":[{\"@type\":\"ReadAction\",\"target\":[\"https:\/\/joaquinfranco.com\/index.php\/primeros-proyectos\/\"]}]}]}<\/script>\n<!-- \/ Yoast SEO plugin. -->","_links":{"self":[{"href":"https:\/\/joaquinfranco.com\/index.php\/wp-json\/wp\/v2\/pages\/1556"}],"collection":[{"href":"https:\/\/joaquinfranco.com\/index.php\/wp-json\/wp\/v2\/pages"}],"about":[{"href":"https:\/\/joaquinfranco.com\/index.php\/wp-json\/wp\/v2\/types\/page"}],"author":[{"embeddable":true,"href":"https:\/\/joaquinfranco.com\/index.php\/wp-json\/wp\/v2\/users\/1"}],"replies":[{"embeddable":true,"href":"https:\/\/joaquinfranco.com\/index.php\/wp-json\/wp\/v2\/comments?post=1556"}],"version-history":[{"count":2,"href":"https:\/\/joaquinfranco.com\/index.php\/wp-json\/wp\/v2\/pages\/1556\/revisions"}],"predecessor-version":[{"id":1559,"href":"https:\/\/joaquinfranco.com\/index.php\/wp-json\/wp\/v2\/pages\/1556\/revisions\/1559"}],"wp:attachment":[{"href":"https:\/\/joaquinfranco.com\/index.php\/wp-json\/wp\/v2\/media?parent=1556"}],"curies":[{"name":"wp","href":"https:\/\/api.w.org\/{rel}","templated":true}]}}