{"id":1470,"date":"2020-05-11T18:03:26","date_gmt":"2020-05-11T18:03:26","guid":{"rendered":"http:\/\/joaquinfranco.com\/?page_id=1470"},"modified":"2020-05-11T18:03:26","modified_gmt":"2020-05-11T18:03:26","slug":"estudio-para-aparcamiento-publico-en-unquera","status":"publish","type":"page","link":"https:\/\/joaquinfranco.com\/index.php\/estudio-para-aparcamiento-publico-en-unquera\/","title":{"rendered":"ESTUDIO PARA APARCAMIENTO P\u00daBLICO EN UNQUERA"},"content":{"rendered":"\n<h2 class=\"has-text-align-center\">Aparcamiento P\u00fablico para el centro \u201cComercial\u201d de Unquera como \u00e1rea de descanso de la autov\u00eda. A\u00d1O 2015<\/h2>\n\n\n\n<p class=\"has-background has-drop-cap has-very-light-gray-background-color\">El aparcamiento ocupar\u00eda una superficie de unos 7.400,00 m2 a acondicionar, con aprovechamiento de zonas existentes, con un acceso rodado desde la nacional 334,obteniendo\u00a0 para el municipio aparcamiento para 5 autobuses, zonas para motos, zonas verdes y unas 175 plazas de aparcamiento de coches con 5,00 plazas para veh\u00edculos con personas de accesibilidad reducidas.\u00a0 Las plazas de aparcamiento ser\u00e1n muy c\u00f3moda con una anchura de 2,50m, vial de 7,00 m de anchura de doble sentido y un recorrido peatonal iluminado y accesible desde todas las plazas hacia los accesos\u00a0 peatonales al centro de Unquera. \u2022 Proporcionando\u00a0 la posibilidad de tener 1000 usuarios diarios.<\/p>\n\n\n\n<figure class=\"wp-block-gallery alignwide columns-3 is-cropped\"><ul class=\"blocks-gallery-grid\"><li class=\"blocks-gallery-item\"><figure><a href=\"http:\/\/joaquinfranco.com\/wp-content\/uploads\/2020\/05\/Diapositiva1-6.jpg\"><img loading=\"lazy\" width=\"960\" height=\"720\" src=\"http:\/\/joaquinfranco.com\/wp-content\/uploads\/2020\/05\/Diapositiva1-6.jpg\" alt=\"\" data-id=\"1471\" data-full-url=\"http:\/\/joaquinfranco.com\/wp-content\/uploads\/2020\/05\/Diapositiva1-6.jpg\" data-link=\"http:\/\/joaquinfranco.com\/?attachment_id=1471\" class=\"wp-image-1471\" srcset=\"https:\/\/joaquinfranco.com\/wp-content\/uploads\/2020\/05\/Diapositiva1-6.jpg 960w, https:\/\/joaquinfranco.com\/wp-content\/uploads\/2020\/05\/Diapositiva1-6-300x225.jpg 300w, https:\/\/joaquinfranco.com\/wp-content\/uploads\/2020\/05\/Diapositiva1-6-768x576.jpg 768w\" sizes=\"(max-width: 960px) 100vw, 960px\" \/><\/a><\/figure><\/li><li class=\"blocks-gallery-item\"><figure><a href=\"http:\/\/joaquinfranco.com\/wp-content\/uploads\/2020\/05\/Diapositiva2-6.jpg\"><img loading=\"lazy\" width=\"960\" height=\"720\" src=\"http:\/\/joaquinfranco.com\/wp-content\/uploads\/2020\/05\/Diapositiva2-6.jpg\" alt=\"\" data-id=\"1472\" data-full-url=\"http:\/\/joaquinfranco.com\/wp-content\/uploads\/2020\/05\/Diapositiva2-6.jpg\" data-link=\"http:\/\/joaquinfranco.com\/?attachment_id=1472\" class=\"wp-image-1472\" srcset=\"https:\/\/joaquinfranco.com\/wp-content\/uploads\/2020\/05\/Diapositiva2-6.jpg 960w, https:\/\/joaquinfranco.com\/wp-content\/uploads\/2020\/05\/Diapositiva2-6-300x225.jpg 300w, https:\/\/joaquinfranco.com\/wp-content\/uploads\/2020\/05\/Diapositiva2-6-768x576.jpg 768w\" sizes=\"(max-width: 960px) 100vw, 960px\" \/><\/a><\/figure><\/li><li class=\"blocks-gallery-item\"><figure><a href=\"http:\/\/joaquinfranco.com\/wp-content\/uploads\/2020\/05\/Diapositiva3-6.jpg\"><img loading=\"lazy\" width=\"960\" height=\"720\" src=\"http:\/\/joaquinfranco.com\/wp-content\/uploads\/2020\/05\/Diapositiva3-6.jpg\" alt=\"\" data-id=\"1473\" data-full-url=\"http:\/\/joaquinfranco.com\/wp-content\/uploads\/2020\/05\/Diapositiva3-6.jpg\" data-link=\"http:\/\/joaquinfranco.com\/?attachment_id=1473\" class=\"wp-image-1473\" srcset=\"https:\/\/joaquinfranco.com\/wp-content\/uploads\/2020\/05\/Diapositiva3-6.jpg 960w, https:\/\/joaquinfranco.com\/wp-content\/uploads\/2020\/05\/Diapositiva3-6-300x225.jpg 300w, https:\/\/joaquinfranco.com\/wp-content\/uploads\/2020\/05\/Diapositiva3-6-768x576.jpg 768w\" sizes=\"(max-width: 960px) 100vw, 960px\" \/><\/a><\/figure><\/li><li class=\"blocks-gallery-item\"><figure><a href=\"http:\/\/joaquinfranco.com\/wp-content\/uploads\/2020\/05\/Diapositiva4-5.jpg\"><img loading=\"lazy\" width=\"960\" height=\"720\" src=\"http:\/\/joaquinfranco.com\/wp-content\/uploads\/2020\/05\/Diapositiva4-5.jpg\" alt=\"\" data-id=\"1474\" data-full-url=\"http:\/\/joaquinfranco.com\/wp-content\/uploads\/2020\/05\/Diapositiva4-5.jpg\" data-link=\"http:\/\/joaquinfranco.com\/?attachment_id=1474\" class=\"wp-image-1474\" srcset=\"https:\/\/joaquinfranco.com\/wp-content\/uploads\/2020\/05\/Diapositiva4-5.jpg 960w, https:\/\/joaquinfranco.com\/wp-content\/uploads\/2020\/05\/Diapositiva4-5-300x225.jpg 300w, https:\/\/joaquinfranco.com\/wp-content\/uploads\/2020\/05\/Diapositiva4-5-768x576.jpg 768w\" sizes=\"(max-width: 960px) 100vw, 960px\" \/><\/a><\/figure><\/li><li class=\"blocks-gallery-item\"><figure><a href=\"http:\/\/joaquinfranco.com\/wp-content\/uploads\/2020\/05\/Diapositiva5-6.jpg\"><img loading=\"lazy\" width=\"960\" height=\"720\" src=\"http:\/\/joaquinfranco.com\/wp-content\/uploads\/2020\/05\/Diapositiva5-6.jpg\" alt=\"\" data-id=\"1475\" data-full-url=\"http:\/\/joaquinfranco.com\/wp-content\/uploads\/2020\/05\/Diapositiva5-6.jpg\" data-link=\"http:\/\/joaquinfranco.com\/?attachment_id=1475\" class=\"wp-image-1475\" srcset=\"https:\/\/joaquinfranco.com\/wp-content\/uploads\/2020\/05\/Diapositiva5-6.jpg 960w, https:\/\/joaquinfranco.com\/wp-content\/uploads\/2020\/05\/Diapositiva5-6-300x225.jpg 300w, https:\/\/joaquinfranco.com\/wp-content\/uploads\/2020\/05\/Diapositiva5-6-768x576.jpg 768w\" sizes=\"(max-width: 960px) 100vw, 960px\" \/><\/a><\/figure><\/li><li class=\"blocks-gallery-item\"><figure><a href=\"http:\/\/joaquinfranco.com\/wp-content\/uploads\/2020\/05\/Diapositiva6-4.jpg\"><img loading=\"lazy\" width=\"960\" height=\"720\" src=\"http:\/\/joaquinfranco.com\/wp-content\/uploads\/2020\/05\/Diapositiva6-4.jpg\" alt=\"\" data-id=\"1476\" data-full-url=\"http:\/\/joaquinfranco.com\/wp-content\/uploads\/2020\/05\/Diapositiva6-4.jpg\" data-link=\"http:\/\/joaquinfranco.com\/?attachment_id=1476\" class=\"wp-image-1476\" srcset=\"https:\/\/joaquinfranco.com\/wp-content\/uploads\/2020\/05\/Diapositiva6-4.jpg 960w, https:\/\/joaquinfranco.com\/wp-content\/uploads\/2020\/05\/Diapositiva6-4-300x225.jpg 300w, https:\/\/joaquinfranco.com\/wp-content\/uploads\/2020\/05\/Diapositiva6-4-768x576.jpg 768w\" sizes=\"(max-width: 960px) 100vw, 960px\" \/><\/a><\/figure><\/li><li class=\"blocks-gallery-item\"><figure><a href=\"http:\/\/joaquinfranco.com\/wp-content\/uploads\/2020\/05\/Diapositiva7-4.jpg\"><img loading=\"lazy\" width=\"960\" height=\"720\" src=\"http:\/\/joaquinfranco.com\/wp-content\/uploads\/2020\/05\/Diapositiva7-4.jpg\" alt=\"\" data-id=\"1477\" data-full-url=\"http:\/\/joaquinfranco.com\/wp-content\/uploads\/2020\/05\/Diapositiva7-4.jpg\" data-link=\"http:\/\/joaquinfranco.com\/?attachment_id=1477\" class=\"wp-image-1477\" srcset=\"https:\/\/joaquinfranco.com\/wp-content\/uploads\/2020\/05\/Diapositiva7-4.jpg 960w, https:\/\/joaquinfranco.com\/wp-content\/uploads\/2020\/05\/Diapositiva7-4-300x225.jpg 300w, https:\/\/joaquinfranco.com\/wp-content\/uploads\/2020\/05\/Diapositiva7-4-768x576.jpg 768w\" sizes=\"(max-width: 960px) 100vw, 960px\" \/><\/a><\/figure><\/li><li class=\"blocks-gallery-item\"><figure><a href=\"http:\/\/joaquinfranco.com\/wp-content\/uploads\/2020\/05\/Diapositiva8-3.jpg\"><img loading=\"lazy\" width=\"960\" height=\"720\" src=\"http:\/\/joaquinfranco.com\/wp-content\/uploads\/2020\/05\/Diapositiva8-3.jpg\" alt=\"\" data-id=\"1478\" data-full-url=\"http:\/\/joaquinfranco.com\/wp-content\/uploads\/2020\/05\/Diapositiva8-3.jpg\" data-link=\"http:\/\/joaquinfranco.com\/?attachment_id=1478\" class=\"wp-image-1478\" srcset=\"https:\/\/joaquinfranco.com\/wp-content\/uploads\/2020\/05\/Diapositiva8-3.jpg 960w, https:\/\/joaquinfranco.com\/wp-content\/uploads\/2020\/05\/Diapositiva8-3-300x225.jpg 300w, https:\/\/joaquinfranco.com\/wp-content\/uploads\/2020\/05\/Diapositiva8-3-768x576.jpg 768w\" sizes=\"(max-width: 960px) 100vw, 960px\" \/><\/a><\/figure><\/li><li class=\"blocks-gallery-item\"><figure><a href=\"http:\/\/joaquinfranco.com\/wp-content\/uploads\/2020\/05\/Diapositiva9-2.jpg\"><img loading=\"lazy\" width=\"960\" height=\"720\" src=\"http:\/\/joaquinfranco.com\/wp-content\/uploads\/2020\/05\/Diapositiva9-2.jpg\" alt=\"\" data-id=\"1479\" data-full-url=\"http:\/\/joaquinfranco.com\/wp-content\/uploads\/2020\/05\/Diapositiva9-2.jpg\" data-link=\"http:\/\/joaquinfranco.com\/?attachment_id=1479\" class=\"wp-image-1479\" srcset=\"https:\/\/joaquinfranco.com\/wp-content\/uploads\/2020\/05\/Diapositiva9-2.jpg 960w, https:\/\/joaquinfranco.com\/wp-content\/uploads\/2020\/05\/Diapositiva9-2-300x225.jpg 300w, https:\/\/joaquinfranco.com\/wp-content\/uploads\/2020\/05\/Diapositiva9-2-768x576.jpg 768w\" sizes=\"(max-width: 960px) 100vw, 960px\" \/><\/a><\/figure><\/li><\/ul><\/figure>\n","protected":false},"excerpt":{"rendered":"<p>Aparcamiento P\u00fablico para el centro \u201cComercial\u201d de Unquera como \u00e1rea de descanso de la autov\u00eda. A\u00d1O 2015 El aparcamiento ocupar\u00eda una superficie de unos 7.400,00 m2 a acondicionar, con aprovechamiento de zonas existentes, con un acceso rodado desde la nacional 334,obteniendo\u00a0 para el municipio aparcamiento para 5 autobuses, zonas para&#8230;<\/p>\n","protected":false},"author":1,"featured_media":0,"parent":0,"menu_order":0,"comment_status":"closed","ping_status":"closed","template":"","meta":[],"yoast_head":"<!-- This site is optimized with the Yoast SEO plugin v15.2.1 - https:\/\/yoast.com\/wordpress\/plugins\/seo\/ -->\n<title>ESTUDIO PARA APARCAMIENTO P\u00daBLICO EN UNQUERA - INTERIORISMO JOAQUIN FRANCO<\/title>\n<meta name=\"robots\" content=\"index, follow, max-snippet:-1, max-image-preview:large, max-video-preview:-1\" \/>\n<link rel=\"canonical\" href=\"https:\/\/joaquinfranco.com\/index.php\/estudio-para-aparcamiento-publico-en-unquera\/\" \/>\n<meta property=\"og:locale\" content=\"es_ES\" \/>\n<meta property=\"og:type\" content=\"article\" \/>\n<meta property=\"og:title\" content=\"ESTUDIO PARA APARCAMIENTO P\u00daBLICO EN UNQUERA - INTERIORISMO JOAQUIN FRANCO\" \/>\n<meta property=\"og:description\" content=\"Aparcamiento P\u00fablico para el centro \u201cComercial\u201d de Unquera como \u00e1rea de descanso de la autov\u00eda. A\u00d1O 2015 El aparcamiento ocupar\u00eda una superficie de unos 7.400,00 m2 a acondicionar, con aprovechamiento de zonas existentes, con un acceso rodado desde la nacional 334,obteniendo\u00a0 para el municipio aparcamiento para 5 autobuses, zonas para...\" \/>\n<meta property=\"og:url\" content=\"https:\/\/joaquinfranco.com\/index.php\/estudio-para-aparcamiento-publico-en-unquera\/\" \/>\n<meta property=\"og:site_name\" content=\"INTERIORISMO JOAQUIN FRANCO\" \/>\n<meta property=\"article:publisher\" content=\"https:\/\/www.facebook.com\/joaquin.francotrueba\" \/>\n<meta property=\"og:image\" content=\"http:\/\/joaquinfranco.com\/wp-content\/uploads\/2020\/05\/Diapositiva1-6.jpg\" \/>\n<meta name=\"twitter:card\" content=\"summary_large_image\" \/>\n<meta name=\"twitter:label1\" content=\"Escrito por\">\n\t<meta name=\"twitter:data1\" content=\"admin\">\n\t<meta name=\"twitter:label2\" content=\"Tiempo de lectura\">\n\t<meta name=\"twitter:data2\" content=\"0 minutos\">\n<script type=\"application\/ld+json\" class=\"yoast-schema-graph\">{\"@context\":\"https:\/\/schema.org\",\"@graph\":[{\"@type\":\"WebSite\",\"@id\":\"https:\/\/joaquinfranco.com\/#website\",\"url\":\"https:\/\/joaquinfranco.com\/\",\"name\":\"INTERIORISMO JOAQUIN FRANCO\",\"description\":\"Estudio de Decoraci\\u00f3n y Arquitectura Interior\",\"potentialAction\":[{\"@type\":\"SearchAction\",\"target\":\"https:\/\/joaquinfranco.com\/?s={search_term_string}\",\"query-input\":\"required name=search_term_string\"}],\"inLanguage\":\"es\"},{\"@type\":\"ImageObject\",\"@id\":\"https:\/\/joaquinfranco.com\/index.php\/estudio-para-aparcamiento-publico-en-unquera\/#primaryimage\",\"inLanguage\":\"es\",\"url\":\"http:\/\/joaquinfranco.com\/wp-content\/uploads\/2020\/05\/Diapositiva1-6.jpg\"},{\"@type\":\"WebPage\",\"@id\":\"https:\/\/joaquinfranco.com\/index.php\/estudio-para-aparcamiento-publico-en-unquera\/#webpage\",\"url\":\"https:\/\/joaquinfranco.com\/index.php\/estudio-para-aparcamiento-publico-en-unquera\/\",\"name\":\"ESTUDIO PARA APARCAMIENTO P\\u00daBLICO EN UNQUERA - INTERIORISMO JOAQUIN FRANCO\",\"isPartOf\":{\"@id\":\"https:\/\/joaquinfranco.com\/#website\"},\"primaryImageOfPage\":{\"@id\":\"https:\/\/joaquinfranco.com\/index.php\/estudio-para-aparcamiento-publico-en-unquera\/#primaryimage\"},\"datePublished\":\"2020-05-11T18:03:26+00:00\",\"dateModified\":\"2020-05-11T18:03:26+00:00\",\"inLanguage\":\"es\",\"potentialAction\":[{\"@type\":\"ReadAction\",\"target\":[\"https:\/\/joaquinfranco.com\/index.php\/estudio-para-aparcamiento-publico-en-unquera\/\"]}]}]}<\/script>\n<!-- \/ Yoast SEO plugin. -->","_links":{"self":[{"href":"https:\/\/joaquinfranco.com\/index.php\/wp-json\/wp\/v2\/pages\/1470"}],"collection":[{"href":"https:\/\/joaquinfranco.com\/index.php\/wp-json\/wp\/v2\/pages"}],"about":[{"href":"https:\/\/joaquinfranco.com\/index.php\/wp-json\/wp\/v2\/types\/page"}],"author":[{"embeddable":true,"href":"https:\/\/joaquinfranco.com\/index.php\/wp-json\/wp\/v2\/users\/1"}],"replies":[{"embeddable":true,"href":"https:\/\/joaquinfranco.com\/index.php\/wp-json\/wp\/v2\/comments?post=1470"}],"version-history":[{"count":1,"href":"https:\/\/joaquinfranco.com\/index.php\/wp-json\/wp\/v2\/pages\/1470\/revisions"}],"predecessor-version":[{"id":1481,"href":"https:\/\/joaquinfranco.com\/index.php\/wp-json\/wp\/v2\/pages\/1470\/revisions\/1481"}],"wp:attachment":[{"href":"https:\/\/joaquinfranco.com\/index.php\/wp-json\/wp\/v2\/media?parent=1470"}],"curies":[{"name":"wp","href":"https:\/\/api.w.org\/{rel}","templated":true}]}}