{"id":1455,"date":"2020-05-11T17:56:37","date_gmt":"2020-05-11T17:56:37","guid":{"rendered":"http:\/\/joaquinfranco.com\/?page_id=1455"},"modified":"2020-05-12T17:56:35","modified_gmt":"2020-05-12T17:56:35","slug":"legalizacion-de-vivienda-en-gajano","status":"publish","type":"page","link":"https:\/\/joaquinfranco.com\/index.php\/legalizacion-de-vivienda-en-gajano\/","title":{"rendered":"LEGALIZACION DE VIVIENDA EN GAJANO"},"content":{"rendered":"\n<h2 class=\"has-text-align-center\">Reforma y ampliaci\u00f3n de vivienda \u201cGuzman Sisniega\u201d (2010-2011)<br>Gajano-Cantabria<\/h2>\n\n\n\n<p class=\"has-background has-drop-cap has-very-light-gray-background-color\">En funci\u00f3n de las ideas expresadas por el promotor en cuanto al desarrollo y funcionamiento de la Vivienda se presenta una decoraci\u00f3n r\u00fastica aprovechando un espacio di\u00e1fano con una escalera que accede a una doble altura donde se sit\u00faa una habitaci\u00f3n abierta&nbsp; a la planta inferior donde se sit\u00faa una chimenea que conjunta todo el espacio, conjunta zona de barra y comedor separado por un biombo de madera artesanal aprovechando al m\u00e1ximo sus escasos 40 m2 \u00fatiles. la idea de conjuntar el espacio exterior arquitect\u00f3nico de fachada&nbsp; con el entorno de la edificaci\u00f3n, sacando la piedra de la fachada y realizando porches y p\u00e9rgolas de madera de roble con acabado en teja aut\u00f3ctona para mantener el estilo c\u00e1ntabro de la edificaci\u00f3n y paredes pintadas de blanco para resaltar todo el conjunto constructivo al ser un edificio exento.<\/p>\n\n\n\n<figure class=\"wp-block-gallery alignwide columns-4 is-cropped\"><ul class=\"blocks-gallery-grid\"><li class=\"blocks-gallery-item\"><figure><a href=\"http:\/\/joaquinfranco.com\/wp-content\/uploads\/2020\/05\/INT-01.jpg\"><img loading=\"lazy\" width=\"277\" height=\"208\" src=\"http:\/\/joaquinfranco.com\/wp-content\/uploads\/2020\/05\/INT-01.jpg\" alt=\"\" data-id=\"1456\" data-full-url=\"http:\/\/joaquinfranco.com\/wp-content\/uploads\/2020\/05\/INT-01.jpg\" data-link=\"http:\/\/joaquinfranco.com\/?attachment_id=1456\" class=\"wp-image-1456\"\/><\/a><\/figure><\/li><li class=\"blocks-gallery-item\"><figure><a href=\"http:\/\/joaquinfranco.com\/wp-content\/uploads\/2020\/05\/INT-02.jpg\"><img loading=\"lazy\" width=\"277\" height=\"208\" src=\"http:\/\/joaquinfranco.com\/wp-content\/uploads\/2020\/05\/INT-02.jpg\" alt=\"\" data-id=\"1457\" data-full-url=\"http:\/\/joaquinfranco.com\/wp-content\/uploads\/2020\/05\/INT-02.jpg\" data-link=\"http:\/\/joaquinfranco.com\/?attachment_id=1457\" class=\"wp-image-1457\"\/><\/a><\/figure><\/li><li class=\"blocks-gallery-item\"><figure><a href=\"http:\/\/joaquinfranco.com\/wp-content\/uploads\/2020\/05\/INT-03.jpg\"><img loading=\"lazy\" width=\"156\" height=\"208\" src=\"http:\/\/joaquinfranco.com\/wp-content\/uploads\/2020\/05\/INT-03.jpg\" alt=\"\" data-id=\"1458\" data-full-url=\"http:\/\/joaquinfranco.com\/wp-content\/uploads\/2020\/05\/INT-03.jpg\" data-link=\"http:\/\/joaquinfranco.com\/?attachment_id=1458\" class=\"wp-image-1458\"\/><\/a><\/figure><\/li><li class=\"blocks-gallery-item\"><figure><a href=\"http:\/\/joaquinfranco.com\/wp-content\/uploads\/2020\/05\/INT-04.jpg\"><img loading=\"lazy\" width=\"277\" height=\"208\" src=\"http:\/\/joaquinfranco.com\/wp-content\/uploads\/2020\/05\/INT-04.jpg\" alt=\"\" data-id=\"1459\" data-full-url=\"http:\/\/joaquinfranco.com\/wp-content\/uploads\/2020\/05\/INT-04.jpg\" data-link=\"http:\/\/joaquinfranco.com\/?attachment_id=1459\" class=\"wp-image-1459\"\/><\/a><\/figure><\/li><li class=\"blocks-gallery-item\"><figure><a href=\"http:\/\/joaquinfranco.com\/wp-content\/uploads\/2020\/05\/INT-05.jpg\"><img loading=\"lazy\" width=\"277\" height=\"208\" src=\"http:\/\/joaquinfranco.com\/wp-content\/uploads\/2020\/05\/INT-05.jpg\" alt=\"\" data-id=\"1460\" data-full-url=\"http:\/\/joaquinfranco.com\/wp-content\/uploads\/2020\/05\/INT-05.jpg\" data-link=\"http:\/\/joaquinfranco.com\/?attachment_id=1460\" class=\"wp-image-1460\"\/><\/a><\/figure><\/li><li class=\"blocks-gallery-item\"><figure><a href=\"http:\/\/joaquinfranco.com\/wp-content\/uploads\/2020\/05\/INT-06.jpg\"><img loading=\"lazy\" width=\"277\" height=\"208\" src=\"http:\/\/joaquinfranco.com\/wp-content\/uploads\/2020\/05\/INT-06.jpg\" alt=\"\" data-id=\"1461\" data-full-url=\"http:\/\/joaquinfranco.com\/wp-content\/uploads\/2020\/05\/INT-06.jpg\" data-link=\"http:\/\/joaquinfranco.com\/?attachment_id=1461\" class=\"wp-image-1461\"\/><\/a><\/figure><\/li><li class=\"blocks-gallery-item\"><figure><a href=\"http:\/\/joaquinfranco.com\/wp-content\/uploads\/2020\/05\/INT-07.jpg\"><img loading=\"lazy\" width=\"277\" height=\"208\" src=\"http:\/\/joaquinfranco.com\/wp-content\/uploads\/2020\/05\/INT-07.jpg\" alt=\"\" data-id=\"1462\" data-full-url=\"http:\/\/joaquinfranco.com\/wp-content\/uploads\/2020\/05\/INT-07.jpg\" data-link=\"http:\/\/joaquinfranco.com\/?attachment_id=1462\" class=\"wp-image-1462\"\/><\/a><\/figure><\/li><li class=\"blocks-gallery-item\"><figure><a href=\"http:\/\/joaquinfranco.com\/wp-content\/uploads\/2020\/05\/INT-08.jpg\"><img loading=\"lazy\" width=\"277\" height=\"208\" src=\"http:\/\/joaquinfranco.com\/wp-content\/uploads\/2020\/05\/INT-08.jpg\" alt=\"\" data-id=\"1463\" data-full-url=\"http:\/\/joaquinfranco.com\/wp-content\/uploads\/2020\/05\/INT-08.jpg\" data-link=\"http:\/\/joaquinfranco.com\/?attachment_id=1463\" class=\"wp-image-1463\"\/><\/a><\/figure><\/li><li class=\"blocks-gallery-item\"><figure><a href=\"http:\/\/joaquinfranco.com\/wp-content\/uploads\/2020\/05\/INT-09.jpg\"><img loading=\"lazy\" width=\"371\" height=\"208\" src=\"http:\/\/joaquinfranco.com\/wp-content\/uploads\/2020\/05\/INT-09.jpg\" alt=\"\" data-id=\"1464\" data-full-url=\"http:\/\/joaquinfranco.com\/wp-content\/uploads\/2020\/05\/INT-09.jpg\" data-link=\"http:\/\/joaquinfranco.com\/?attachment_id=1464\" class=\"wp-image-1464\" srcset=\"https:\/\/joaquinfranco.com\/wp-content\/uploads\/2020\/05\/INT-09.jpg 371w, https:\/\/joaquinfranco.com\/wp-content\/uploads\/2020\/05\/INT-09-300x168.jpg 300w\" sizes=\"(max-width: 371px) 100vw, 371px\" \/><\/a><\/figure><\/li><li class=\"blocks-gallery-item\"><figure><a href=\"http:\/\/joaquinfranco.com\/wp-content\/uploads\/2020\/05\/INT-10.jpg\"><img loading=\"lazy\" width=\"371\" height=\"208\" src=\"http:\/\/joaquinfranco.com\/wp-content\/uploads\/2020\/05\/INT-10.jpg\" alt=\"\" data-id=\"1465\" data-full-url=\"http:\/\/joaquinfranco.com\/wp-content\/uploads\/2020\/05\/INT-10.jpg\" data-link=\"http:\/\/joaquinfranco.com\/?attachment_id=1465\" class=\"wp-image-1465\" srcset=\"https:\/\/joaquinfranco.com\/wp-content\/uploads\/2020\/05\/INT-10.jpg 371w, https:\/\/joaquinfranco.com\/wp-content\/uploads\/2020\/05\/INT-10-300x168.jpg 300w\" sizes=\"(max-width: 371px) 100vw, 371px\" \/><\/a><\/figure><\/li><\/ul><\/figure>\n\n\n\n<div class=\"wp-block-file aligncenter\"><a href=\"http:\/\/joaquinfranco.com\/wp-content\/uploads\/2020\/05\/PLANIMETRIA-LEGALIZACION-DE-VIVIENDA-Y-PORCHE-1.pdf\">PLANIMETRIA-LEGALIZACION-DE-VIVIENDA-Y-PORCHE-1<\/a><a href=\"http:\/\/joaquinfranco.com\/wp-content\/uploads\/2020\/05\/PLANIMETRIA-LEGALIZACION-DE-VIVIENDA-Y-PORCHE-1.pdf\" class=\"wp-block-file__button\" download>Descarga<\/a><\/div>\n\n\n\n<figure class=\"wp-block-gallery alignwide columns-5 is-cropped\"><ul class=\"blocks-gallery-grid\"><li class=\"blocks-gallery-item\"><figure><a href=\"http:\/\/joaquinfranco.com\/wp-content\/uploads\/2020\/05\/AF7D9DE8-783C-4625-9003-471827FFBC37.jpg\"><img loading=\"lazy\" width=\"281\" height=\"500\" src=\"http:\/\/joaquinfranco.com\/wp-content\/uploads\/2020\/05\/AF7D9DE8-783C-4625-9003-471827FFBC37.jpg\" alt=\"\" data-id=\"1497\" data-full-url=\"http:\/\/joaquinfranco.com\/wp-content\/uploads\/2020\/05\/AF7D9DE8-783C-4625-9003-471827FFBC37.jpg\" data-link=\"http:\/\/joaquinfranco.com\/index.php\/legalizacion-de-vivienda-en-gajano\/af7d9de8-783c-4625-9003-471827ffbc37\/\" class=\"wp-image-1497\" srcset=\"https:\/\/joaquinfranco.com\/wp-content\/uploads\/2020\/05\/AF7D9DE8-783C-4625-9003-471827FFBC37.jpg 281w, https:\/\/joaquinfranco.com\/wp-content\/uploads\/2020\/05\/AF7D9DE8-783C-4625-9003-471827FFBC37-169x300.jpg 169w\" sizes=\"(max-width: 281px) 100vw, 281px\" \/><\/a><\/figure><\/li><li class=\"blocks-gallery-item\"><figure><a href=\"http:\/\/joaquinfranco.com\/wp-content\/uploads\/2020\/05\/E890AE6A-51CE-4661-AECA-242C27EA4B31.jpg\"><img loading=\"lazy\" width=\"281\" height=\"500\" src=\"http:\/\/joaquinfranco.com\/wp-content\/uploads\/2020\/05\/E890AE6A-51CE-4661-AECA-242C27EA4B31.jpg\" alt=\"\" data-id=\"1498\" data-full-url=\"http:\/\/joaquinfranco.com\/wp-content\/uploads\/2020\/05\/E890AE6A-51CE-4661-AECA-242C27EA4B31.jpg\" data-link=\"http:\/\/joaquinfranco.com\/index.php\/legalizacion-de-vivienda-en-gajano\/e890ae6a-51ce-4661-aeca-242c27ea4b31\/\" class=\"wp-image-1498\" srcset=\"https:\/\/joaquinfranco.com\/wp-content\/uploads\/2020\/05\/E890AE6A-51CE-4661-AECA-242C27EA4B31.jpg 281w, https:\/\/joaquinfranco.com\/wp-content\/uploads\/2020\/05\/E890AE6A-51CE-4661-AECA-242C27EA4B31-169x300.jpg 169w\" sizes=\"(max-width: 281px) 100vw, 281px\" \/><\/a><\/figure><\/li><li class=\"blocks-gallery-item\"><figure><a href=\"http:\/\/joaquinfranco.com\/wp-content\/uploads\/2020\/05\/fachada-1-1.jpg\"><img loading=\"lazy\" width=\"381\" height=\"282\" src=\"http:\/\/joaquinfranco.com\/wp-content\/uploads\/2020\/05\/fachada-1-1.jpg\" alt=\"\" data-id=\"1499\" data-full-url=\"http:\/\/joaquinfranco.com\/wp-content\/uploads\/2020\/05\/fachada-1-1.jpg\" data-link=\"http:\/\/joaquinfranco.com\/index.php\/legalizacion-de-vivienda-en-gajano\/fachada-1-1\/\" class=\"wp-image-1499\" srcset=\"https:\/\/joaquinfranco.com\/wp-content\/uploads\/2020\/05\/fachada-1-1.jpg 381w, https:\/\/joaquinfranco.com\/wp-content\/uploads\/2020\/05\/fachada-1-1-300x222.jpg 300w\" sizes=\"(max-width: 381px) 100vw, 381px\" \/><\/a><\/figure><\/li><li class=\"blocks-gallery-item\"><figure><a href=\"http:\/\/joaquinfranco.com\/wp-content\/uploads\/2020\/05\/fachada-2-1.jpg\"><img loading=\"lazy\" width=\"368\" height=\"363\" src=\"http:\/\/joaquinfranco.com\/wp-content\/uploads\/2020\/05\/fachada-2-1.jpg\" alt=\"\" data-id=\"1500\" data-full-url=\"http:\/\/joaquinfranco.com\/wp-content\/uploads\/2020\/05\/fachada-2-1.jpg\" data-link=\"http:\/\/joaquinfranco.com\/index.php\/legalizacion-de-vivienda-en-gajano\/fachada-2-1\/\" class=\"wp-image-1500\" srcset=\"https:\/\/joaquinfranco.com\/wp-content\/uploads\/2020\/05\/fachada-2-1.jpg 368w, https:\/\/joaquinfranco.com\/wp-content\/uploads\/2020\/05\/fachada-2-1-300x296.jpg 300w\" sizes=\"(max-width: 368px) 100vw, 368px\" \/><\/a><\/figure><\/li><li class=\"blocks-gallery-item\"><figure><a href=\"http:\/\/joaquinfranco.com\/wp-content\/uploads\/2020\/05\/IMG_0498.jpg\"><img loading=\"lazy\" width=\"450\" height=\"600\" src=\"http:\/\/joaquinfranco.com\/wp-content\/uploads\/2020\/05\/IMG_0498.jpg\" alt=\"\" data-id=\"1501\" data-full-url=\"http:\/\/joaquinfranco.com\/wp-content\/uploads\/2020\/05\/IMG_0498.jpg\" data-link=\"http:\/\/joaquinfranco.com\/index.php\/legalizacion-de-vivienda-en-gajano\/img_0498\/\" class=\"wp-image-1501\" srcset=\"https:\/\/joaquinfranco.com\/wp-content\/uploads\/2020\/05\/IMG_0498.jpg 450w, https:\/\/joaquinfranco.com\/wp-content\/uploads\/2020\/05\/IMG_0498-225x300.jpg 225w\" sizes=\"(max-width: 450px) 100vw, 450px\" \/><\/a><\/figure><\/li><li class=\"blocks-gallery-item\"><figure><a href=\"http:\/\/joaquinfranco.com\/wp-content\/uploads\/2020\/05\/IMG_0682.jpg\"><img loading=\"lazy\" width=\"375\" height=\"500\" src=\"http:\/\/joaquinfranco.com\/wp-content\/uploads\/2020\/05\/IMG_0682.jpg\" alt=\"\" data-id=\"1502\" data-full-url=\"http:\/\/joaquinfranco.com\/wp-content\/uploads\/2020\/05\/IMG_0682.jpg\" data-link=\"http:\/\/joaquinfranco.com\/index.php\/legalizacion-de-vivienda-en-gajano\/img_0682\/\" class=\"wp-image-1502\" srcset=\"https:\/\/joaquinfranco.com\/wp-content\/uploads\/2020\/05\/IMG_0682.jpg 375w, https:\/\/joaquinfranco.com\/wp-content\/uploads\/2020\/05\/IMG_0682-225x300.jpg 225w\" sizes=\"(max-width: 375px) 100vw, 375px\" \/><\/a><\/figure><\/li><li class=\"blocks-gallery-item\"><figure><a href=\"http:\/\/joaquinfranco.com\/wp-content\/uploads\/2020\/05\/IMG_0683.jpg\"><img loading=\"lazy\" width=\"375\" height=\"500\" src=\"http:\/\/joaquinfranco.com\/wp-content\/uploads\/2020\/05\/IMG_0683.jpg\" alt=\"\" data-id=\"1503\" data-full-url=\"http:\/\/joaquinfranco.com\/wp-content\/uploads\/2020\/05\/IMG_0683.jpg\" data-link=\"http:\/\/joaquinfranco.com\/index.php\/legalizacion-de-vivienda-en-gajano\/img_0683\/\" class=\"wp-image-1503\" srcset=\"https:\/\/joaquinfranco.com\/wp-content\/uploads\/2020\/05\/IMG_0683.jpg 375w, https:\/\/joaquinfranco.com\/wp-content\/uploads\/2020\/05\/IMG_0683-225x300.jpg 225w\" sizes=\"(max-width: 375px) 100vw, 375px\" \/><\/a><\/figure><\/li><\/ul><\/figure>\n","protected":false},"excerpt":{"rendered":"<p>Reforma y ampliaci\u00f3n de vivienda \u201cGuzman Sisniega\u201d (2010-2011)Gajano-Cantabria En funci\u00f3n de las ideas expresadas por el promotor en cuanto al desarrollo y funcionamiento de la Vivienda se presenta una decoraci\u00f3n r\u00fastica aprovechando un espacio di\u00e1fano con una escalera que accede a una doble altura donde se sit\u00faa una habitaci\u00f3n abierta&nbsp;&#8230;<\/p>\n","protected":false},"author":1,"featured_media":0,"parent":0,"menu_order":0,"comment_status":"closed","ping_status":"closed","template":"","meta":[],"yoast_head":"<!-- This site is optimized with the Yoast SEO plugin v15.2.1 - https:\/\/yoast.com\/wordpress\/plugins\/seo\/ -->\n<title>LEGALIZACION DE VIVIENDA EN GAJANO - INTERIORISMO JOAQUIN FRANCO<\/title>\n<meta name=\"robots\" content=\"index, follow, max-snippet:-1, max-image-preview:large, max-video-preview:-1\" \/>\n<link rel=\"canonical\" href=\"https:\/\/joaquinfranco.com\/index.php\/legalizacion-de-vivienda-en-gajano\/\" \/>\n<meta property=\"og:locale\" content=\"es_ES\" \/>\n<meta property=\"og:type\" content=\"article\" \/>\n<meta property=\"og:title\" content=\"LEGALIZACION DE VIVIENDA EN GAJANO - INTERIORISMO JOAQUIN FRANCO\" \/>\n<meta property=\"og:description\" content=\"Reforma y ampliaci\u00f3n de vivienda \u201cGuzman Sisniega\u201d (2010-2011)Gajano-Cantabria En funci\u00f3n de las ideas expresadas por el promotor en cuanto al desarrollo y funcionamiento de la Vivienda se presenta una decoraci\u00f3n r\u00fastica aprovechando un espacio di\u00e1fano con una escalera que accede a una doble altura donde se sit\u00faa una habitaci\u00f3n abierta&nbsp;...\" \/>\n<meta property=\"og:url\" content=\"https:\/\/joaquinfranco.com\/index.php\/legalizacion-de-vivienda-en-gajano\/\" \/>\n<meta property=\"og:site_name\" content=\"INTERIORISMO JOAQUIN FRANCO\" \/>\n<meta property=\"article:publisher\" content=\"https:\/\/www.facebook.com\/joaquin.francotrueba\" \/>\n<meta property=\"article:modified_time\" content=\"2020-05-12T17:56:35+00:00\" \/>\n<meta property=\"og:image\" content=\"http:\/\/joaquinfranco.com\/wp-content\/uploads\/2020\/05\/INT-01.jpg\" \/>\n<meta name=\"twitter:card\" content=\"summary_large_image\" \/>\n<meta name=\"twitter:label1\" content=\"Escrito por\">\n\t<meta name=\"twitter:data1\" content=\"admin\">\n\t<meta name=\"twitter:label2\" content=\"Tiempo de lectura\">\n\t<meta name=\"twitter:data2\" content=\"1 minuto\">\n<script type=\"application\/ld+json\" class=\"yoast-schema-graph\">{\"@context\":\"https:\/\/schema.org\",\"@graph\":[{\"@type\":\"WebSite\",\"@id\":\"https:\/\/joaquinfranco.com\/#website\",\"url\":\"https:\/\/joaquinfranco.com\/\",\"name\":\"INTERIORISMO JOAQUIN FRANCO\",\"description\":\"Estudio de Decoraci\\u00f3n y Arquitectura Interior\",\"potentialAction\":[{\"@type\":\"SearchAction\",\"target\":\"https:\/\/joaquinfranco.com\/?s={search_term_string}\",\"query-input\":\"required name=search_term_string\"}],\"inLanguage\":\"es\"},{\"@type\":\"ImageObject\",\"@id\":\"https:\/\/joaquinfranco.com\/index.php\/legalizacion-de-vivienda-en-gajano\/#primaryimage\",\"inLanguage\":\"es\",\"url\":\"http:\/\/joaquinfranco.com\/wp-content\/uploads\/2020\/05\/INT-01.jpg\"},{\"@type\":\"WebPage\",\"@id\":\"https:\/\/joaquinfranco.com\/index.php\/legalizacion-de-vivienda-en-gajano\/#webpage\",\"url\":\"https:\/\/joaquinfranco.com\/index.php\/legalizacion-de-vivienda-en-gajano\/\",\"name\":\"LEGALIZACION DE VIVIENDA EN GAJANO - INTERIORISMO JOAQUIN FRANCO\",\"isPartOf\":{\"@id\":\"https:\/\/joaquinfranco.com\/#website\"},\"primaryImageOfPage\":{\"@id\":\"https:\/\/joaquinfranco.com\/index.php\/legalizacion-de-vivienda-en-gajano\/#primaryimage\"},\"datePublished\":\"2020-05-11T17:56:37+00:00\",\"dateModified\":\"2020-05-12T17:56:35+00:00\",\"inLanguage\":\"es\",\"potentialAction\":[{\"@type\":\"ReadAction\",\"target\":[\"https:\/\/joaquinfranco.com\/index.php\/legalizacion-de-vivienda-en-gajano\/\"]}]}]}<\/script>\n<!-- \/ Yoast SEO plugin. -->","_links":{"self":[{"href":"https:\/\/joaquinfranco.com\/index.php\/wp-json\/wp\/v2\/pages\/1455"}],"collection":[{"href":"https:\/\/joaquinfranco.com\/index.php\/wp-json\/wp\/v2\/pages"}],"about":[{"href":"https:\/\/joaquinfranco.com\/index.php\/wp-json\/wp\/v2\/types\/page"}],"author":[{"embeddable":true,"href":"https:\/\/joaquinfranco.com\/index.php\/wp-json\/wp\/v2\/users\/1"}],"replies":[{"embeddable":true,"href":"https:\/\/joaquinfranco.com\/index.php\/wp-json\/wp\/v2\/comments?post=1455"}],"version-history":[{"count":2,"href":"https:\/\/joaquinfranco.com\/index.php\/wp-json\/wp\/v2\/pages\/1455\/revisions"}],"predecessor-version":[{"id":1504,"href":"https:\/\/joaquinfranco.com\/index.php\/wp-json\/wp\/v2\/pages\/1455\/revisions\/1504"}],"wp:attachment":[{"href":"https:\/\/joaquinfranco.com\/index.php\/wp-json\/wp\/v2\/media?parent=1455"}],"curies":[{"name":"wp","href":"https:\/\/api.w.org\/{rel}","templated":true}]}}