{"id":1254,"date":"2020-05-09T18:31:36","date_gmt":"2020-05-09T18:31:36","guid":{"rendered":"http:\/\/joaquinfranco.com\/?page_id=1254"},"modified":"2020-05-09T18:32:48","modified_gmt":"2020-05-09T18:32:48","slug":"estudios-edificio-golf-pedrena","status":"publish","type":"page","link":"https:\/\/joaquinfranco.com\/index.php\/estudios-edificio-golf-pedrena\/","title":{"rendered":"ESTUDIOS EDIFICIO GOLF PEDRE\u00d1A"},"content":{"rendered":"\n<h2 class=\"has-text-align-center\">ESTUDIOS PARA MEJORA DEL EDIFICIO DE REAL GOLF DE PEDRE\u00d1A (A\u00d1O 2006) <\/h2>\n\n\n\n<figure class=\"wp-block-image alignwide size-large\"><img loading=\"lazy\" width=\"1024\" height=\"224\" src=\"http:\/\/joaquinfranco.com\/wp-content\/uploads\/2020\/05\/FACHADA-REAL-GOLF-PEDRE\u00d1A-1-1024x224.jpg\" alt=\"\" class=\"wp-image-1250\" srcset=\"https:\/\/joaquinfranco.com\/wp-content\/uploads\/2020\/05\/FACHADA-REAL-GOLF-PEDRE\u00d1A-1-1024x224.jpg 1024w, https:\/\/joaquinfranco.com\/wp-content\/uploads\/2020\/05\/FACHADA-REAL-GOLF-PEDRE\u00d1A-1-300x66.jpg 300w, https:\/\/joaquinfranco.com\/wp-content\/uploads\/2020\/05\/FACHADA-REAL-GOLF-PEDRE\u00d1A-1-768x168.jpg 768w, https:\/\/joaquinfranco.com\/wp-content\/uploads\/2020\/05\/FACHADA-REAL-GOLF-PEDRE\u00d1A-1-1536x336.jpg 1536w, https:\/\/joaquinfranco.com\/wp-content\/uploads\/2020\/05\/FACHADA-REAL-GOLF-PEDRE\u00d1A-1-2048x449.jpg 2048w\" sizes=\"(max-width: 1024px) 100vw, 1024px\" \/><\/figure>\n\n\n\n<p class=\"has-text-align-center\">PLANOS DEL DISE\u00d1O<\/p>\n\n\n\n<div class=\"wp-block-columns\">\n<div class=\"wp-block-column\">\n<div class=\"wp-block-file\"><a href=\"http:\/\/joaquinfranco.com\/wp-content\/uploads\/2020\/05\/01-PLANOS-DE-REAL-GOL-PEDRE\u00d1A.pdf\">01-PLANOS-DE-REAL-GOL-PEDRE\u00d1A<\/a><a href=\"http:\/\/joaquinfranco.com\/wp-content\/uploads\/2020\/05\/01-PLANOS-DE-REAL-GOL-PEDRE\u00d1A.pdf\" class=\"wp-block-file__button\" download>Descarga<\/a><\/div>\n<\/div>\n\n\n\n<div class=\"wp-block-column\">\n<div class=\"wp-block-file\"><a href=\"http:\/\/joaquinfranco.com\/wp-content\/uploads\/2020\/05\/02-PLANOS-DE-REAL-GOLF-PEDRE\u00d1A.pdf\">02-PLANOS-DE-REAL-GOLF-PEDRE\u00d1A<\/a><a href=\"http:\/\/joaquinfranco.com\/wp-content\/uploads\/2020\/05\/02-PLANOS-DE-REAL-GOLF-PEDRE\u00d1A.pdf\" class=\"wp-block-file__button\" download>Descarga<\/a><\/div>\n<\/div>\n<\/div>\n","protected":false},"excerpt":{"rendered":"<p>ESTUDIOS PARA MEJORA DEL EDIFICIO DE REAL GOLF DE PEDRE\u00d1A (A\u00d1O 2006) PLANOS DEL DISE\u00d1O<\/p>\n","protected":false},"author":1,"featured_media":0,"parent":0,"menu_order":0,"comment_status":"closed","ping_status":"closed","template":"","meta":[],"yoast_head":"<!-- This site is optimized with the Yoast SEO plugin v15.2.1 - https:\/\/yoast.com\/wordpress\/plugins\/seo\/ -->\n<title>ESTUDIOS EDIFICIO GOLF PEDRE\u00d1A - INTERIORISMO JOAQUIN FRANCO<\/title>\n<meta name=\"robots\" content=\"index, follow, max-snippet:-1, max-image-preview:large, max-video-preview:-1\" \/>\n<link rel=\"canonical\" href=\"https:\/\/joaquinfranco.com\/index.php\/estudios-edificio-golf-pedrena\/\" \/>\n<meta property=\"og:locale\" content=\"es_ES\" \/>\n<meta property=\"og:type\" content=\"article\" \/>\n<meta property=\"og:title\" content=\"ESTUDIOS EDIFICIO GOLF PEDRE\u00d1A - INTERIORISMO JOAQUIN FRANCO\" \/>\n<meta property=\"og:description\" content=\"ESTUDIOS PARA MEJORA DEL EDIFICIO DE REAL GOLF DE PEDRE\u00d1A (A\u00d1O 2006) PLANOS DEL DISE\u00d1O\" \/>\n<meta property=\"og:url\" content=\"https:\/\/joaquinfranco.com\/index.php\/estudios-edificio-golf-pedrena\/\" \/>\n<meta property=\"og:site_name\" content=\"INTERIORISMO JOAQUIN FRANCO\" \/>\n<meta property=\"article:publisher\" content=\"https:\/\/www.facebook.com\/joaquin.francotrueba\" \/>\n<meta property=\"article:modified_time\" content=\"2020-05-09T18:32:48+00:00\" \/>\n<meta property=\"og:image\" content=\"http:\/\/joaquinfranco.com\/wp-content\/uploads\/2020\/05\/FACHADA-REAL-GOLF-PEDRE\u00d1A-1-1024x224.jpg\" \/>\n<meta name=\"twitter:card\" content=\"summary_large_image\" \/>\n<meta name=\"twitter:label1\" content=\"Escrito por\">\n\t<meta name=\"twitter:data1\" content=\"admin\">\n\t<meta name=\"twitter:label2\" content=\"Tiempo de lectura\">\n\t<meta name=\"twitter:data2\" content=\"0 minutos\">\n<script type=\"application\/ld+json\" class=\"yoast-schema-graph\">{\"@context\":\"https:\/\/schema.org\",\"@graph\":[{\"@type\":\"WebSite\",\"@id\":\"https:\/\/joaquinfranco.com\/#website\",\"url\":\"https:\/\/joaquinfranco.com\/\",\"name\":\"INTERIORISMO JOAQUIN FRANCO\",\"description\":\"Estudio de Decoraci\\u00f3n y Arquitectura Interior\",\"potentialAction\":[{\"@type\":\"SearchAction\",\"target\":\"https:\/\/joaquinfranco.com\/?s={search_term_string}\",\"query-input\":\"required name=search_term_string\"}],\"inLanguage\":\"es\"},{\"@type\":\"ImageObject\",\"@id\":\"https:\/\/joaquinfranco.com\/index.php\/estudios-edificio-golf-pedrena\/#primaryimage\",\"inLanguage\":\"es\",\"url\":\"http:\/\/joaquinfranco.com\/wp-content\/uploads\/2020\/05\/FACHADA-REAL-GOLF-PEDRE\\u00d1A-1-1024x224.jpg\"},{\"@type\":\"WebPage\",\"@id\":\"https:\/\/joaquinfranco.com\/index.php\/estudios-edificio-golf-pedrena\/#webpage\",\"url\":\"https:\/\/joaquinfranco.com\/index.php\/estudios-edificio-golf-pedrena\/\",\"name\":\"ESTUDIOS EDIFICIO GOLF PEDRE\\u00d1A - INTERIORISMO JOAQUIN FRANCO\",\"isPartOf\":{\"@id\":\"https:\/\/joaquinfranco.com\/#website\"},\"primaryImageOfPage\":{\"@id\":\"https:\/\/joaquinfranco.com\/index.php\/estudios-edificio-golf-pedrena\/#primaryimage\"},\"datePublished\":\"2020-05-09T18:31:36+00:00\",\"dateModified\":\"2020-05-09T18:32:48+00:00\",\"inLanguage\":\"es\",\"potentialAction\":[{\"@type\":\"ReadAction\",\"target\":[\"https:\/\/joaquinfranco.com\/index.php\/estudios-edificio-golf-pedrena\/\"]}]}]}<\/script>\n<!-- \/ Yoast SEO plugin. -->","_links":{"self":[{"href":"https:\/\/joaquinfranco.com\/index.php\/wp-json\/wp\/v2\/pages\/1254"}],"collection":[{"href":"https:\/\/joaquinfranco.com\/index.php\/wp-json\/wp\/v2\/pages"}],"about":[{"href":"https:\/\/joaquinfranco.com\/index.php\/wp-json\/wp\/v2\/types\/page"}],"author":[{"embeddable":true,"href":"https:\/\/joaquinfranco.com\/index.php\/wp-json\/wp\/v2\/users\/1"}],"replies":[{"embeddable":true,"href":"https:\/\/joaquinfranco.com\/index.php\/wp-json\/wp\/v2\/comments?post=1254"}],"version-history":[{"count":2,"href":"https:\/\/joaquinfranco.com\/index.php\/wp-json\/wp\/v2\/pages\/1254\/revisions"}],"predecessor-version":[{"id":1257,"href":"https:\/\/joaquinfranco.com\/index.php\/wp-json\/wp\/v2\/pages\/1254\/revisions\/1257"}],"wp:attachment":[{"href":"https:\/\/joaquinfranco.com\/index.php\/wp-json\/wp\/v2\/media?parent=1254"}],"curies":[{"name":"wp","href":"https:\/\/api.w.org\/{rel}","templated":true}]}}