{"id":1236,"date":"2020-05-09T17:59:09","date_gmt":"2020-05-09T17:59:09","guid":{"rendered":"http:\/\/joaquinfranco.com\/?page_id=1236"},"modified":"2020-05-09T18:00:12","modified_gmt":"2020-05-09T18:00:12","slug":"diseno-eficicacion-como-vivienda","status":"publish","type":"page","link":"https:\/\/joaquinfranco.com\/index.php\/diseno-eficicacion-como-vivienda\/","title":{"rendered":"DISE\u00d1O EFICICACI\u00d3N COMO VIVIENDA"},"content":{"rendered":"\n<h2>DISE\u00d1O INTEGRAL DE VIVIENDA UNIFAMILIAR AISLADA PARA SU EEJECUCI\u00d3N EN MERUELO A\u00d1O 2005<\/h2>\n\n\n\n<figure class=\"wp-block-image alignwide size-large\"><img loading=\"lazy\" width=\"516\" height=\"207\" src=\"http:\/\/joaquinfranco.com\/wp-content\/uploads\/2020\/05\/FACHADA-6.jpg\" alt=\"\" class=\"wp-image-1237\" srcset=\"https:\/\/joaquinfranco.com\/wp-content\/uploads\/2020\/05\/FACHADA-6.jpg 516w, https:\/\/joaquinfranco.com\/wp-content\/uploads\/2020\/05\/FACHADA-6-300x120.jpg 300w\" sizes=\"(max-width: 516px) 100vw, 516px\" \/><\/figure>\n\n\n\n<p>PLANOS DEL DISE\u00d1O<\/p>\n\n\n\n<div class=\"wp-block-file\"><a href=\"http:\/\/joaquinfranco.com\/wp-content\/uploads\/2020\/05\/PLANOS-DISE\u00d1O-VIVIENDA-UNIFAMILIAR.pdf\">PLANOS-DISE\u00d1O-VIVIENDA-UNIFAMILIAR<\/a><a href=\"http:\/\/joaquinfranco.com\/wp-content\/uploads\/2020\/05\/PLANOS-DISE\u00d1O-VIVIENDA-UNIFAMILIAR.pdf\" class=\"wp-block-file__button\" download>Descarga<\/a><\/div>\n\n\n\n<figure class=\"wp-block-embed-youtube alignwide wp-block-embed is-type-video is-provider-youtube wp-embed-aspect-16-9 wp-has-aspect-ratio\"><div class=\"wp-block-embed__wrapper\">\n<iframe title=\"3d casa GUSTAVO\" width=\"790\" height=\"444\" src=\"https:\/\/www.youtube.com\/embed\/Q6VZtYxdMEk?feature=oembed\" frameborder=\"0\" allow=\"accelerometer; autoplay; encrypted-media; gyroscope; picture-in-picture\" allowfullscreen><\/iframe>\n<\/div><\/figure>\n","protected":false},"excerpt":{"rendered":"<p>DISE\u00d1O INTEGRAL DE VIVIENDA UNIFAMILIAR AISLADA PARA SU EEJECUCI\u00d3N EN MERUELO A\u00d1O 2005 PLANOS DEL DISE\u00d1O<\/p>\n","protected":false},"author":1,"featured_media":0,"parent":0,"menu_order":0,"comment_status":"closed","ping_status":"closed","template":"","meta":[],"yoast_head":"<!-- This site is optimized with the Yoast SEO plugin v15.2.1 - https:\/\/yoast.com\/wordpress\/plugins\/seo\/ -->\n<title>DISE\u00d1O EFICICACI\u00d3N COMO VIVIENDA - INTERIORISMO JOAQUIN FRANCO<\/title>\n<meta name=\"robots\" content=\"index, follow, max-snippet:-1, max-image-preview:large, max-video-preview:-1\" \/>\n<link rel=\"canonical\" href=\"https:\/\/joaquinfranco.com\/index.php\/diseno-eficicacion-como-vivienda\/\" \/>\n<meta property=\"og:locale\" content=\"es_ES\" \/>\n<meta property=\"og:type\" content=\"article\" \/>\n<meta property=\"og:title\" content=\"DISE\u00d1O EFICICACI\u00d3N COMO VIVIENDA - INTERIORISMO JOAQUIN FRANCO\" \/>\n<meta property=\"og:description\" content=\"DISE\u00d1O INTEGRAL DE VIVIENDA UNIFAMILIAR AISLADA PARA SU EEJECUCI\u00d3N EN MERUELO A\u00d1O 2005 PLANOS DEL DISE\u00d1O\" \/>\n<meta property=\"og:url\" content=\"https:\/\/joaquinfranco.com\/index.php\/diseno-eficicacion-como-vivienda\/\" \/>\n<meta property=\"og:site_name\" content=\"INTERIORISMO JOAQUIN FRANCO\" \/>\n<meta property=\"article:publisher\" content=\"https:\/\/www.facebook.com\/joaquin.francotrueba\" \/>\n<meta property=\"article:modified_time\" content=\"2020-05-09T18:00:12+00:00\" \/>\n<meta property=\"og:image\" content=\"http:\/\/joaquinfranco.com\/wp-content\/uploads\/2020\/05\/FACHADA-6.jpg\" \/>\n<meta name=\"twitter:card\" content=\"summary_large_image\" \/>\n<meta name=\"twitter:label1\" content=\"Escrito por\">\n\t<meta name=\"twitter:data1\" content=\"admin\">\n\t<meta name=\"twitter:label2\" content=\"Tiempo de lectura\">\n\t<meta name=\"twitter:data2\" content=\"0 minutos\">\n<script type=\"application\/ld+json\" class=\"yoast-schema-graph\">{\"@context\":\"https:\/\/schema.org\",\"@graph\":[{\"@type\":\"WebSite\",\"@id\":\"https:\/\/joaquinfranco.com\/#website\",\"url\":\"https:\/\/joaquinfranco.com\/\",\"name\":\"INTERIORISMO JOAQUIN FRANCO\",\"description\":\"Estudio de Decoraci\\u00f3n y Arquitectura Interior\",\"potentialAction\":[{\"@type\":\"SearchAction\",\"target\":\"https:\/\/joaquinfranco.com\/?s={search_term_string}\",\"query-input\":\"required name=search_term_string\"}],\"inLanguage\":\"es\"},{\"@type\":\"ImageObject\",\"@id\":\"https:\/\/joaquinfranco.com\/index.php\/diseno-eficicacion-como-vivienda\/#primaryimage\",\"inLanguage\":\"es\",\"url\":\"http:\/\/joaquinfranco.com\/wp-content\/uploads\/2020\/05\/FACHADA-6.jpg\"},{\"@type\":\"WebPage\",\"@id\":\"https:\/\/joaquinfranco.com\/index.php\/diseno-eficicacion-como-vivienda\/#webpage\",\"url\":\"https:\/\/joaquinfranco.com\/index.php\/diseno-eficicacion-como-vivienda\/\",\"name\":\"DISE\\u00d1O EFICICACI\\u00d3N COMO VIVIENDA - INTERIORISMO JOAQUIN FRANCO\",\"isPartOf\":{\"@id\":\"https:\/\/joaquinfranco.com\/#website\"},\"primaryImageOfPage\":{\"@id\":\"https:\/\/joaquinfranco.com\/index.php\/diseno-eficicacion-como-vivienda\/#primaryimage\"},\"datePublished\":\"2020-05-09T17:59:09+00:00\",\"dateModified\":\"2020-05-09T18:00:12+00:00\",\"inLanguage\":\"es\",\"potentialAction\":[{\"@type\":\"ReadAction\",\"target\":[\"https:\/\/joaquinfranco.com\/index.php\/diseno-eficicacion-como-vivienda\/\"]}]}]}<\/script>\n<!-- \/ Yoast SEO plugin. -->","_links":{"self":[{"href":"https:\/\/joaquinfranco.com\/index.php\/wp-json\/wp\/v2\/pages\/1236"}],"collection":[{"href":"https:\/\/joaquinfranco.com\/index.php\/wp-json\/wp\/v2\/pages"}],"about":[{"href":"https:\/\/joaquinfranco.com\/index.php\/wp-json\/wp\/v2\/types\/page"}],"author":[{"embeddable":true,"href":"https:\/\/joaquinfranco.com\/index.php\/wp-json\/wp\/v2\/users\/1"}],"replies":[{"embeddable":true,"href":"https:\/\/joaquinfranco.com\/index.php\/wp-json\/wp\/v2\/comments?post=1236"}],"version-history":[{"count":2,"href":"https:\/\/joaquinfranco.com\/index.php\/wp-json\/wp\/v2\/pages\/1236\/revisions"}],"predecessor-version":[{"id":1241,"href":"https:\/\/joaquinfranco.com\/index.php\/wp-json\/wp\/v2\/pages\/1236\/revisions\/1241"}],"wp:attachment":[{"href":"https:\/\/joaquinfranco.com\/index.php\/wp-json\/wp\/v2\/media?parent=1236"}],"curies":[{"name":"wp","href":"https:\/\/api.w.org\/{rel}","templated":true}]}}